CRAN Package Check Results for Package icensBKL

Last updated on 2022-12-02 20:53:16 CET.

Flavor Version Tinstall Tcheck Ttotal Status Flags
r-devel-linux-x86_64-debian-clang 1.4 9.77 89.81 99.58 NOTE
r-devel-linux-x86_64-debian-gcc 1.4 7.44 67.78 75.22 NOTE
r-devel-linux-x86_64-fedora-clang 1.4 140.84 NOTE
r-devel-linux-x86_64-fedora-gcc 1.4 139.51 NOTE
r-devel-windows-x86_64 1.4 26.00 120.00 146.00 OK
r-patched-linux-x86_64 1.4 8.97 83.45 92.42 NOTE
r-release-linux-x86_64 1.4 9.00 85.72 94.72 NOTE
r-release-macos-arm64 1.4 35.00 NOTE
r-release-macos-x86_64 1.4 51.00 NOTE
r-release-windows-x86_64 1.4 27.00 129.00 156.00 OK
r-oldrel-macos-arm64 1.4 35.00 NOTE
r-oldrel-macos-x86_64 1.4 55.00 NOTE
r-oldrel-windows-ix86+x86_64 1.4 19.00 117.00 136.00 OK

Check Details

Version: 1.4
Check: package dependencies
Result: NOTE
    Package suggested but not available for checking: 'ICBayes'
Flavors: r-devel-linux-x86_64-debian-clang, r-devel-linux-x86_64-debian-gcc, r-devel-linux-x86_64-fedora-clang, r-devel-linux-x86_64-fedora-gcc, r-patched-linux-x86_64, r-release-linux-x86_64

Version: 1.4
Check: package dependencies
Result: NOTE
    Package suggested but not available for checking: ‘mixAK’
Flavors: r-release-macos-arm64, r-release-macos-x86_64, r-oldrel-macos-arm64, r-oldrel-macos-x86_64