Last updated on 2025-05-09 20:49:52 CEST.
Flavor | Version | Tinstall | Tcheck | Ttotal | Status | Flags |
---|---|---|---|---|---|---|
r-devel-linux-x86_64-debian-clang | 1.0.0 | 11.12 | 23.70 | 34.82 | OK | |
r-devel-linux-x86_64-debian-gcc | 1.0.0 | 7.47 | 19.12 | 26.59 | OK | |
r-devel-linux-x86_64-fedora-clang | 1.0.0 | 55.82 | NOTE | |||
r-devel-linux-x86_64-fedora-gcc | 1.0.0 | 58.14 | NOTE | |||
r-devel-windows-x86_64 | 1.0.0 | 13.00 | 59.00 | 72.00 | OK | |
r-patched-linux-x86_64 | 1.0.0 | 10.11 | 21.43 | 31.54 | OK | |
r-release-linux-x86_64 | 1.0.0 | 10.41 | 22.41 | 32.82 | OK | |
r-release-macos-arm64 | 1.0.0 | 20.00 | OK | |||
r-release-macos-x86_64 | 1.0.0 | 33.00 | OK | |||
r-release-windows-x86_64 | 1.0.0 | 14.00 | 62.00 | 76.00 | OK | |
r-oldrel-macos-arm64 | 1.0.0 | 20.00 | NOTE | |||
r-oldrel-macos-x86_64 | 1.0.0 | 29.00 | NOTE | |||
r-oldrel-windows-x86_64 | 1.0.0 | 12.00 | 69.00 | 81.00 | NOTE |
Version: 1.0.0
Check: compiled code
Result: NOTE
File ‘ibmcraftr/libs/ibmcraftr.so’:
Found no calls to: ‘R_registerRoutines’, ‘R_useDynamicSymbols’
It is good practice to register native routines and to disable symbol
search.
See ‘Writing portable packages’ in the ‘Writing R Extensions’ manual.
Flavors: r-devel-linux-x86_64-fedora-clang, r-devel-linux-x86_64-fedora-gcc
Version: 1.0.0
Check: LazyData
Result: NOTE
'LazyData' is specified without a 'data' directory
Flavors: r-oldrel-macos-arm64, r-oldrel-macos-x86_64, r-oldrel-windows-x86_64