Last updated on 2023-02-02 20:53:36 CET.
Flavor | Version | Tinstall | Tcheck | Ttotal | Status | Flags |
---|---|---|---|---|---|---|
r-devel-linux-x86_64-debian-clang | 1.13.0 | 13.43 | 150.60 | 164.03 | NOTE | |
r-devel-linux-x86_64-debian-gcc | 1.13.0 | 10.71 | 110.74 | 121.45 | NOTE | |
r-devel-linux-x86_64-fedora-clang | 1.13.0 | 214.01 | NOTE | |||
r-devel-linux-x86_64-fedora-gcc | 1.13.0 | 205.14 | NOTE | |||
r-devel-windows-x86_64 | 1.13.0 | 115.00 | 208.00 | 323.00 | NOTE | |
r-patched-linux-x86_64 | 1.13.0 | 18.32 | 146.27 | 164.59 | NOTE | |
r-release-linux-x86_64 | 1.13.0 | 13.00 | 143.76 | 156.76 | NOTE | |
r-release-macos-arm64 | 1.13.0 | 51.00 | NOTE | |||
r-release-macos-x86_64 | 1.13.0 | 78.00 | NOTE | |||
r-release-windows-x86_64 | 1.13.0 | 106.00 | 196.00 | 302.00 | NOTE | |
r-oldrel-macos-arm64 | 1.13.0 | 49.00 | NOTE | |||
r-oldrel-macos-x86_64 | 1.13.0 | 82.00 | NOTE | |||
r-oldrel-windows-ix86+x86_64 | 1.13.0 | 30.00 | 180.00 | 210.00 | NOTE |
Version: 1.13.0
Check: package dependencies
Result: NOTE
Package suggested but not available for checking: ‘surveyspec’
Flavors: r-devel-linux-x86_64-debian-clang, r-devel-linux-x86_64-debian-gcc, r-devel-linux-x86_64-fedora-clang, r-devel-linux-x86_64-fedora-gcc, r-devel-windows-x86_64, r-patched-linux-x86_64, r-release-linux-x86_64, r-release-macos-arm64, r-release-macos-x86_64, r-release-windows-x86_64, r-oldrel-macos-arm64, r-oldrel-macos-x86_64, r-oldrel-windows-ix86+x86_64