CRAN Package Check Results for Package iIneq

Last updated on 2022-09-27 21:53:51 CEST.

Flavor Version Tinstall Tcheck Ttotal Status Flags
r-devel-linux-x86_64-debian-clang 1.0.2 1.51 23.83 25.34 NOTE
r-devel-linux-x86_64-debian-gcc 1.0.2 1.95 18.66 20.61 NOTE
r-devel-linux-x86_64-fedora-clang 1.0.2 43.96 NOTE
r-devel-linux-x86_64-fedora-gcc 1.0.2 41.59 NOTE
r-devel-windows-x86_64 1.0.2 5.00 52.00 57.00 NOTE
r-patched-linux-x86_64 1.0.2 1.55 23.08 24.63 NOTE
r-release-linux-x86_64 1.0.2 2.45 23.00 25.45 NOTE
r-release-macos-arm64 1.0.2 17.00 NOTE
r-release-macos-x86_64 1.0.2 20.00 NOTE
r-release-windows-x86_64 1.0.2 7.00 54.00 61.00 NOTE
r-oldrel-macos-arm64 1.0.2 23.00 NOTE
r-oldrel-macos-x86_64 1.0.2 27.00 NOTE
r-oldrel-windows-ix86+x86_64 1.0.2 6.00 47.00 53.00 NOTE

Check Details

Version: 1.0.2
Check: LazyData
Result: NOTE
     'LazyData' is specified without a 'data' directory
Flavors: r-devel-linux-x86_64-debian-clang, r-devel-linux-x86_64-debian-gcc, r-devel-linux-x86_64-fedora-clang, r-devel-linux-x86_64-fedora-gcc, r-devel-windows-x86_64, r-patched-linux-x86_64, r-release-linux-x86_64, r-release-macos-arm64, r-release-macos-x86_64, r-release-windows-x86_64, r-oldrel-macos-arm64, r-oldrel-macos-x86_64, r-oldrel-windows-ix86+x86_64