CRAN Package Check Results for Package iIneq

Last updated on 2023-10-03 22:03:30 CEST.

Flavor Version Tinstall Tcheck Ttotal Status Flags
r-devel-linux-x86_64-debian-clang 1.0.2 2.47 22.25 24.72 NOTE
r-devel-linux-x86_64-debian-gcc 1.0.2 1.54 17.62 19.16 NOTE
r-devel-linux-x86_64-fedora-clang 1.0.2 31.05 NOTE
r-devel-linux-x86_64-fedora-gcc 1.0.2 30.58 NOTE
r-devel-windows-x86_64 1.0.2 3.00 41.00 44.00 NOTE
r-patched-linux-x86_64 1.0.2 2.37 22.45 24.82 NOTE
r-release-linux-x86_64 1.0.2 2.30 22.53 24.83 NOTE
r-release-macos-arm64 1.0.2 18.00 NOTE
r-release-macos-x86_64 1.0.2 20.00 NOTE
r-release-windows-x86_64 1.0.2 4.00 41.00 45.00 NOTE
r-oldrel-macos-arm64 1.0.2 17.00 NOTE
r-oldrel-macos-x86_64 1.0.2 20.00 NOTE
r-oldrel-windows-x86_64 1.0.2 5.00 44.00 49.00 NOTE

Check Details

Version: 1.0.2
Check: LazyData
Result: NOTE
     'LazyData' is specified without a 'data' directory
Flavors: r-devel-linux-x86_64-debian-clang, r-devel-linux-x86_64-debian-gcc, r-devel-linux-x86_64-fedora-clang, r-devel-linux-x86_64-fedora-gcc, r-devel-windows-x86_64, r-patched-linux-x86_64, r-release-linux-x86_64, r-release-macos-arm64, r-release-macos-x86_64, r-release-windows-x86_64, r-oldrel-macos-arm64, r-oldrel-macos-x86_64, r-oldrel-windows-x86_64