CRAN Package Check Results for Package hystReet

Last updated on 2023-10-04 20:42:30 CEST.

Flavor Version Tinstall Tcheck Ttotal Status Flags
r-devel-linux-x86_64-debian-clang 0.0.3 3.29 43.27 46.56 OK
r-devel-linux-x86_64-debian-gcc 0.0.3 3.24 33.37 36.61 OK
r-devel-linux-x86_64-fedora-clang 0.0.3 57.55 NOTE
r-devel-linux-x86_64-fedora-gcc 0.0.3 69.54 NOTE
r-devel-windows-x86_64 0.0.3 5.00 54.00 59.00 OK
r-patched-linux-x86_64 0.0.3 3.98 42.55 46.53 OK
r-release-linux-x86_64 0.0.3 3.48 43.44 46.92 OK
r-release-macos-arm64 0.0.3 28.00 OK
r-release-macos-x86_64 0.0.3 41.00 OK
r-release-windows-x86_64 0.0.3 5.00 60.00 65.00 OK
r-oldrel-macos-arm64 0.0.3 26.00 NOTE
r-oldrel-macos-x86_64 0.0.3 33.00 NOTE
r-oldrel-windows-x86_64 0.0.3 5.00 62.00 67.00 OK

Check Details

Version: 0.0.3
Check: data for non-ASCII characters
Result: NOTE
     Note: found 38558 marked UTF-8 strings
Flavors: r-devel-linux-x86_64-fedora-clang, r-devel-linux-x86_64-fedora-gcc, r-oldrel-macos-arm64, r-oldrel-macos-x86_64