Last updated on 2025-05-09 20:49:52 CEST.
Flavor | Version | Tinstall | Tcheck | Ttotal | Status | Flags |
---|---|---|---|---|---|---|
r-devel-linux-x86_64-debian-clang | 0.6-1 | 3.30 | 26.48 | 29.78 | NOTE | |
r-devel-linux-x86_64-debian-gcc | 0.6-1 | 2.17 | 19.95 | 22.12 | NOTE | |
r-devel-linux-x86_64-fedora-clang | 0.6-1 | 43.78 | OK | |||
r-devel-linux-x86_64-fedora-gcc | 0.6-1 | 41.71 | OK | |||
r-devel-windows-x86_64 | 0.6-1 | 4.00 | 46.00 | 50.00 | OK | |
r-patched-linux-x86_64 | 0.6-1 | 3.01 | 24.83 | 27.84 | OK | |
r-release-linux-x86_64 | 0.6-1 | 2.66 | 24.43 | 27.09 | OK | |
r-release-macos-arm64 | 0.6-1 | 17.00 | OK | |||
r-release-macos-x86_64 | 0.6-1 | 29.00 | OK | |||
r-release-windows-x86_64 | 0.6-1 | 4.00 | 47.00 | 51.00 | OK | |
r-oldrel-macos-arm64 | 0.6-1 | 17.00 | OK | |||
r-oldrel-macos-x86_64 | 0.6-1 | 25.00 | OK | |||
r-oldrel-windows-x86_64 | 0.6-1 | 4.00 | 51.00 | 55.00 | OK |
Version: 0.6-1
Check: CRAN incoming feasibility
Result: NOTE
Maintainer: ‘Myles English <myles@rockhead.biz>’
No Authors@R field in DESCRIPTION.
Please add one, modifying
Authors@R: person(given = "Myles",
family = "English",
role = c("aut", "cre"),
email = "myles@rockhead.biz")
as necessary.
Flavors: r-devel-linux-x86_64-debian-clang, r-devel-linux-x86_64-debian-gcc