Last updated on 2024-03-27 19:56:54 CET.
Flavor | Version | Tinstall | Tcheck | Ttotal | Status | Flags |
---|---|---|---|---|---|---|
r-devel-linux-x86_64-debian-clang | 0.1.0 | 20.00 | 118.03 | 138.03 | NOTE | |
r-devel-linux-x86_64-debian-gcc | 0.1.0 | 17.06 | 130.97 | 148.03 | NOTE | |
r-devel-linux-x86_64-fedora-clang | 0.1.0 | 240.38 | NOTE | |||
r-devel-linux-x86_64-fedora-gcc | 0.1.0 | 247.14 | NOTE | |||
r-devel-windows-x86_64 | 0.1.0 | 16.00 | 142.00 | 158.00 | NOTE | |
r-patched-linux-x86_64 | 0.1.0 | 19.85 | 116.40 | 136.25 | NOTE | |
r-release-linux-x86_64 | 0.1.0 | 11.33 | 113.33 | 124.66 | NOTE | |
r-release-macos-arm64 | 0.1.0 | 72.00 | NOTE | |||
r-release-macos-x86_64 | 0.1.0 | 117.00 | NOTE | |||
r-release-windows-x86_64 | 0.1.0 | 22.00 | 183.00 | 205.00 | NOTE | |
r-oldrel-macos-arm64 | 0.1.0 | 60.00 | NOTE | |||
r-oldrel-windows-x86_64 | 0.1.0 | 23.00 | 178.00 | 201.00 | NOTE |
Version: 0.1.0
Check: LazyData
Result: NOTE
'LazyData' is specified without a 'data' directory
Flavors: r-devel-linux-x86_64-debian-clang, r-devel-linux-x86_64-debian-gcc, r-devel-linux-x86_64-fedora-clang, r-devel-linux-x86_64-fedora-gcc, r-devel-windows-x86_64, r-patched-linux-x86_64, r-release-linux-x86_64, r-release-macos-arm64, r-release-macos-x86_64, r-release-windows-x86_64, r-oldrel-macos-arm64, r-oldrel-windows-x86_64
Version: 0.1.0
Check: installed package size
Result: NOTE
installed size is 5.3Mb
sub-directories of 1Mb or more:
extdata 4.8Mb
Flavors: r-devel-linux-x86_64-fedora-clang, r-devel-windows-x86_64, r-release-macos-arm64, r-release-macos-x86_64, r-release-windows-x86_64, r-oldrel-macos-arm64, r-oldrel-windows-x86_64