Last updated on 2024-07-17 20:57:01 CEST.
Flavor | Version | Tinstall | Tcheck | Ttotal | Status | Flags |
---|---|---|---|---|---|---|
r-devel-linux-x86_64-debian-clang | 0.1.0 | 24.99 | 121.05 | 146.04 | NOTE | |
r-devel-linux-x86_64-debian-gcc | 0.1.0 | 15.29 | 129.66 | 144.95 | NOTE | |
r-devel-linux-x86_64-fedora-clang | 0.1.0 | 250.85 | NOTE | |||
r-devel-linux-x86_64-fedora-gcc | 0.1.0 | 234.52 | NOTE | |||
r-devel-windows-x86_64 | 0.1.0 | 17.00 | 145.00 | 162.00 | NOTE | |
r-patched-linux-x86_64 | 0.1.0 | 18.40 | 126.17 | 144.57 | NOTE | |
r-release-linux-x86_64 | 0.1.0 | 11.89 | 121.93 | 133.82 | NOTE | |
r-release-macos-arm64 | 0.1.0 | 70.00 | NOTE | |||
r-release-macos-x86_64 | 0.1.0 | 117.00 | NOTE | |||
r-release-windows-x86_64 | 0.1.0 | 17.00 | 145.00 | 162.00 | NOTE | |
r-oldrel-macos-arm64 | 0.1.0 | 72.00 | NOTE | |||
r-oldrel-macos-x86_64 | 0.1.0 | 117.00 | NOTE | |||
r-oldrel-windows-x86_64 | 0.1.0 | 22.00 | 174.00 | 196.00 | NOTE |
Version: 0.1.0
Check: LazyData
Result: NOTE
'LazyData' is specified without a 'data' directory
Flavors: r-devel-linux-x86_64-debian-clang, r-devel-linux-x86_64-debian-gcc, r-devel-linux-x86_64-fedora-clang, r-devel-linux-x86_64-fedora-gcc, r-devel-windows-x86_64, r-patched-linux-x86_64, r-release-linux-x86_64, r-release-macos-arm64, r-release-macos-x86_64, r-release-windows-x86_64, r-oldrel-macos-arm64, r-oldrel-macos-x86_64, r-oldrel-windows-x86_64
Version: 0.1.0
Check: installed package size
Result: NOTE
installed size is 5.3Mb
sub-directories of 1Mb or more:
extdata 4.8Mb
Flavors: r-devel-linux-x86_64-fedora-clang, r-devel-windows-x86_64, r-release-macos-arm64, r-release-macos-x86_64, r-release-windows-x86_64, r-oldrel-macos-arm64, r-oldrel-macos-x86_64, r-oldrel-windows-x86_64