CRAN Package Check Results for Package hwriter

Last updated on 2025-11-03 21:50:24 CET.

Flavor Version Tinstall Tcheck Ttotal Status Flags
r-devel-linux-x86_64-debian-clang 1.3.2.1 2.26 27.32 29.58 NOTE
r-devel-linux-x86_64-debian-gcc 1.3.2.1 1.62 22.30 23.92 NOTE
r-devel-linux-x86_64-fedora-clang 1.3.2.1 42.53 OK
r-devel-linux-x86_64-fedora-gcc 1.3.2.1 52.00 OK
r-devel-windows-x86_64 1.3.2.1 3.00 56.00 59.00 OK
r-patched-linux-x86_64 1.3.2.1 1.83 26.37 28.20 OK
r-release-linux-x86_64 1.3.2.1 1.91 26.63 28.54 OK
r-release-macos-arm64 1.3.2.1 1.00 22.00 23.00 OK
r-release-macos-x86_64 1.3.2.1 3.00 43.00 46.00 OK
r-release-windows-x86_64 1.3.2.1 3.00 53.00 56.00 OK
r-oldrel-macos-arm64 1.3.2.1 1.00 21.00 22.00 OK
r-oldrel-macos-x86_64 1.3.2.1 3.00 34.00 37.00 OK
r-oldrel-windows-x86_64 1.3.2.1 3.00 57.00 60.00 OK

Check Details

Version: 1.3.2.1
Check: CRAN incoming feasibility
Result: NOTE Maintainer: ‘Gregoire Pau <gregoire.pau@gmail.com>’ No Authors@R field in DESCRIPTION. Please add one, modifying Authors@R: person(given = "Gregoire", family = "Pau", role = c("aut", "cre"), email = "gregoire.pau@gmail.com") as necessary. Flavors: r-devel-linux-x86_64-debian-clang, r-devel-linux-x86_64-debian-gcc