Last updated on 2023-09-23 23:00:48 CEST.
Flavor | Version | Tinstall | Tcheck | Ttotal | Status | Flags |
---|---|---|---|---|---|---|
r-devel-linux-x86_64-debian-clang | 0.1.0 | 3.82 | 60.57 | 64.39 | NOTE | |
r-devel-linux-x86_64-debian-gcc | 0.1.0 | 3.38 | 46.71 | 50.09 | NOTE | |
r-devel-linux-x86_64-fedora-clang | 0.1.0 | 80.92 | NOTE | |||
r-devel-linux-x86_64-fedora-gcc | 0.1.0 | 92.12 | NOTE | |||
r-devel-windows-x86_64 | 0.1.0 | 5.00 | 71.00 | 76.00 | NOTE | |
r-patched-linux-x86_64 | 0.1.0 | 5.15 | 57.53 | 62.68 | OK | |
r-release-linux-x86_64 | 0.1.0 | 2.92 | 57.94 | 60.86 | OK | |
r-release-macos-arm64 | 0.1.0 | 41.00 | OK | |||
r-release-macos-x86_64 | 0.1.0 | 58.00 | OK | |||
r-release-windows-x86_64 | 0.1.0 | 7.00 | 80.00 | 87.00 | OK | |
r-oldrel-macos-arm64 | 0.1.0 | 28.00 | OK | |||
r-oldrel-macos-x86_64 | 0.1.0 | 56.00 | OK | |||
r-oldrel-windows-x86_64 | 0.1.0 | 7.00 | 87.00 | 94.00 | OK |
Version: 0.1.0
Check: Rd \usage sections
Result: NOTE
Documented arguments not in \usage in documentation object 'as.redactor':
‘expr’
Functions with \usage entries need to have the appropriate \alias
entries, and all their arguments documented.
The \usage entries must correspond to syntactically valid R code.
See chapter ‘Writing R documentation files’ in the ‘Writing R
Extensions’ manual.
Flavors: r-devel-linux-x86_64-debian-clang, r-devel-linux-x86_64-debian-gcc, r-devel-linux-x86_64-fedora-clang, r-devel-linux-x86_64-fedora-gcc, r-devel-windows-x86_64