Last updated on 2025-05-08 20:49:37 CEST.
Flavor | Version | Tinstall | Tcheck | Ttotal | Status | Flags |
---|---|---|---|---|---|---|
r-devel-linux-x86_64-debian-clang | 0.1.1 | 6.53 | 84.17 | 90.70 | NOTE | |
r-devel-linux-x86_64-debian-gcc | 0.1.1 | 5.32 | 61.14 | 66.46 | NOTE | |
r-devel-linux-x86_64-fedora-clang | 0.1.1 | 144.90 | OK | |||
r-devel-linux-x86_64-fedora-gcc | 0.1.1 | 154.63 | OK | |||
r-devel-windows-x86_64 | 0.1.1 | 8.00 | 92.00 | 100.00 | OK | |
r-patched-linux-x86_64 | 0.1.1 | 7.13 | 80.14 | 87.27 | OK | |
r-release-linux-x86_64 | 0.1.1 | 6.44 | 80.95 | 87.39 | OK | |
r-release-macos-arm64 | 0.1.1 | 63.00 | OK | |||
r-release-macos-x86_64 | 0.1.1 | 111.00 | OK | |||
r-release-windows-x86_64 | 0.1.1 | 8.00 | 94.00 | 102.00 | OK | |
r-oldrel-macos-arm64 | 0.1.1 | 46.00 | OK | |||
r-oldrel-macos-x86_64 | 0.1.1 | 91.00 | OK | |||
r-oldrel-windows-x86_64 | 0.1.1 | 10.00 | 118.00 | 128.00 | OK |
Version: 0.1.1
Check: CRAN incoming feasibility
Result: NOTE
Maintainer: ‘Daniel Antiporta <dantiporta@jhu.edu>’
No Authors@R field in DESCRIPTION.
Please add one, modifying
Authors@R: c(person(given = c("Daniel", "Antiporta;", "Matthew", "Matheson", "<mmathes4@jhu.edu>;", "Derek", "Ng", "<dng@jhu.edu>;", "Alvaro", "Munoz"),
family = "<amunoz@jhu.edu>",
role = "aut",
email = "amunoz@jhu.edu"),
person(given = "Daniel",
family = "Antiporta",
role = "cre",
email = "dantiporta@jhu.edu"))
as necessary.
Flavors: r-devel-linux-x86_64-debian-clang, r-devel-linux-x86_64-debian-gcc