CRAN Package Check Results for Package hrbrthemes

Last updated on 2024-02-29 20:05:29 CET.

Flavor Version Tinstall Tcheck Ttotal Status Flags
r-devel-linux-x86_64-debian-clang 0.8.0 9.09 82.50 91.59 NOTE
r-devel-linux-x86_64-debian-gcc 0.8.0 7.38 61.95 69.33 NOTE
r-devel-linux-x86_64-fedora-clang 0.8.0 115.77 NOTE
r-devel-linux-x86_64-fedora-gcc 0.8.0 127.94 NOTE
r-devel-windows-x86_64 0.8.0 11.00 85.00 96.00 NOTE
r-patched-linux-x86_64 0.8.0 15.36 80.55 95.91 OK
r-release-linux-x86_64 0.8.0 6.44 78.94 85.38 OK
r-release-macos-arm64 0.8.0 42.00 OK
r-release-macos-x86_64 0.8.0 65.00 OK
r-release-windows-x86_64 0.8.0 13.00 97.00 110.00 OK
r-oldrel-macos-arm64 0.8.0 32.00 OK
r-oldrel-windows-x86_64 0.8.0 13.00 96.00 109.00 OK

Check Details

Version: 0.8.0
Check: package vignettes
Result: NOTE Package vignette without corresponding tangle output: ‘why_hrbrthemes.Rmd’ Flavors: r-devel-linux-x86_64-debian-clang, r-devel-linux-x86_64-debian-gcc, r-devel-linux-x86_64-fedora-clang, r-devel-linux-x86_64-fedora-gcc, r-devel-windows-x86_64