Last updated on 2025-05-08 20:49:37 CEST.
Flavor | Version | Tinstall | Tcheck | Ttotal | Status | Flags |
---|---|---|---|---|---|---|
r-devel-linux-x86_64-debian-clang | 1.0.2 | 6.10 | 57.54 | 63.64 | NOTE | |
r-devel-linux-x86_64-debian-gcc | 1.0.2 | 4.25 | 45.49 | 49.74 | NOTE | |
r-devel-linux-x86_64-fedora-clang | 1.0.2 | 99.10 | OK | |||
r-devel-linux-x86_64-fedora-gcc | 1.0.2 | 112.33 | OK | |||
r-devel-windows-x86_64 | 1.0.2 | 7.00 | 67.00 | 74.00 | OK | |
r-patched-linux-x86_64 | 1.0.2 | 6.12 | 56.01 | 62.13 | OK | |
r-release-linux-x86_64 | 1.0.2 | 4.95 | 57.47 | 62.42 | OK | |
r-release-macos-arm64 | 1.0.2 | 47.00 | OK | |||
r-release-macos-x86_64 | 1.0.2 | 88.00 | OK | |||
r-release-windows-x86_64 | 1.0.2 | 7.00 | 69.00 | 76.00 | OK | |
r-oldrel-macos-arm64 | 1.0.2 | 38.00 | OK | |||
r-oldrel-macos-x86_64 | 1.0.2 | 59.00 | OK | |||
r-oldrel-windows-x86_64 | 1.0.2 | 9.00 | 80.00 | 89.00 | OK |
Version: 1.0.2
Check: CRAN incoming feasibility
Result: NOTE
Maintainer: ‘Alexandru Monahov <alexandru.monahov@proton.me>’
No Authors@R field in DESCRIPTION.
Please add one, modifying
Authors@R: person(given = "Alexandru",
family = "Monahov",
role = c("aut", "cre"),
email = "alexandru.monahov@proton.me")
as necessary.
Flavors: r-devel-linux-x86_64-debian-clang, r-devel-linux-x86_64-debian-gcc