CRAN Package Check Results for Package hospitals

Last updated on 2022-10-05 21:53:35 CEST.

Flavor Version Tinstall Tcheck Ttotal Status Flags
r-devel-linux-x86_64-debian-clang 0.1.0 4.56 40.74 45.30 OK
r-devel-linux-x86_64-debian-gcc 0.1.0 2.99 31.37 34.36 OK
r-devel-linux-x86_64-fedora-clang 0.1.0 67.67 NOTE
r-devel-linux-x86_64-fedora-gcc 0.1.0 65.94 NOTE
r-devel-windows-x86_64 0.1.0 7.00 70.00 77.00 OK
r-patched-linux-x86_64 0.1.0 3.43 38.85 42.28 OK
r-release-linux-x86_64 0.1.0 3.33 37.98 41.31 OK
r-release-macos-arm64 0.1.0 21.00 NOTE
r-release-macos-x86_64 0.1.0 30.00 NOTE
r-release-windows-x86_64 0.1.0 14.00 67.00 81.00 OK
r-oldrel-macos-arm64 0.1.0 29.00 NOTE
r-oldrel-macos-x86_64 0.1.0 28.00 NOTE
r-oldrel-windows-ix86+x86_64 0.1.0 10.00 65.00 75.00 OK

Check Details

Version: 0.1.0
Check: data for non-ASCII characters
Result: NOTE
     Note: found 124 marked UTF-8 strings
Flavors: r-devel-linux-x86_64-fedora-clang, r-devel-linux-x86_64-fedora-gcc, r-release-macos-arm64, r-release-macos-x86_64, r-oldrel-macos-arm64, r-oldrel-macos-x86_64