CRAN Package Check Results for Package horseshoenlm

Last updated on 2025-02-06 19:49:25 CET.

Flavor Version Tinstall Tcheck Ttotal Status Flags
r-devel-linux-x86_64-debian-clang 0.0.6 2.79 39.24 42.03 OK
r-devel-linux-x86_64-debian-gcc 0.0.6 2.02 30.87 32.89 OK
r-devel-linux-x86_64-fedora-clang 0.0.6 67.43 NOTE
r-devel-linux-x86_64-fedora-gcc 0.0.6 71.34 NOTE
r-devel-windows-x86_64 0.0.6 4.00 64.00 68.00 OK
r-patched-linux-x86_64 0.0.6 2.82 41.38 44.20 NOTE
r-release-linux-x86_64 0.0.6 2.06 41.24 43.30 NOTE
r-release-macos-arm64 0.0.6 24.00 NOTE
r-release-macos-x86_64 0.0.6 37.00 NOTE
r-release-windows-x86_64 0.0.6 4.00 61.00 65.00 NOTE
r-oldrel-macos-arm64 0.0.6 28.00 NOTE
r-oldrel-macos-x86_64 0.0.6 42.00 NOTE
r-oldrel-windows-x86_64 0.0.6 5.00 67.00 72.00 NOTE

Check Details

Version: 0.0.6
Check: dependencies in R code
Result: NOTE Namespace in Imports field not imported from: ‘survival’ All declared Imports should be used. Flavors: r-devel-linux-x86_64-fedora-clang, r-devel-linux-x86_64-fedora-gcc

Version: 0.0.6
Check: LazyData
Result: NOTE 'LazyData' is specified without a 'data' directory Flavors: r-patched-linux-x86_64, r-release-linux-x86_64, r-release-macos-arm64, r-release-macos-x86_64, r-release-windows-x86_64, r-oldrel-macos-arm64, r-oldrel-macos-x86_64, r-oldrel-windows-x86_64