Last updated on 2023-03-21 19:57:13 CET.
Flavor | Version | Tinstall | Tcheck | Ttotal | Status | Flags |
---|---|---|---|---|---|---|
r-devel-linux-x86_64-debian-clang | 0.11.5 | 58.26 | 132.31 | 190.57 | NOTE | |
r-devel-linux-x86_64-debian-gcc | 0.11.5 | 39.80 | 103.01 | 142.81 | NOTE | |
r-devel-linux-x86_64-fedora-clang | 0.11.5 | 238.67 | NOTE | |||
r-devel-linux-x86_64-fedora-gcc | 0.11.5 | 243.82 | NOTE | |||
r-patched-linux-x86_64 | 0.11.5 | 35.63 | 128.26 | 163.89 | OK | |
r-release-linux-x86_64 | 0.11.5 | 32.75 | 129.41 | 162.16 | OK | |
r-release-macos-arm64 | 0.11.5 | 75.00 | NOTE | |||
r-release-macos-x86_64 | 0.11.5 | 101.00 | NOTE | |||
r-release-windows-x86_64 | 0.11.5 | 57.00 | 183.00 | 240.00 | OK | |
r-oldrel-macos-arm64 | 0.11.5 | 76.00 | NOTE | |||
r-oldrel-macos-x86_64 | 0.11.5 | 106.00 | NOTE | |||
r-oldrel-windows-ix86+x86_64 | 0.11.5 | 104.00 | 264.00 | 368.00 | OK |
Version: 0.11.5
Check: C++ specification
Result: NOTE
Specified C++11: please drop specification unless essential
Flavors: r-devel-linux-x86_64-debian-clang, r-devel-linux-x86_64-debian-gcc, r-devel-linux-x86_64-fedora-clang, r-devel-linux-x86_64-fedora-gcc
Version: 0.11.5
Check: installed package size
Result: NOTE
installed size is 10.8Mb
sub-directories of 1Mb or more:
libs 10.1Mb
Flavors: r-release-macos-arm64, r-release-macos-x86_64, r-oldrel-macos-arm64, r-oldrel-macos-x86_64