CRAN Package Check Results for Package hmmr

Last updated on 2022-10-06 21:49:54 CEST.

Flavor Version Tinstall Tcheck Ttotal Status Flags
r-devel-linux-x86_64-debian-clang 1.0-0 5.24 60.44 65.68 NOTE
r-devel-linux-x86_64-debian-gcc 1.0-0 4.06 44.60 48.66 NOTE
r-devel-linux-x86_64-fedora-clang 1.0-0 94.28 NOTE
r-devel-linux-x86_64-fedora-gcc 1.0-0 93.23 NOTE
r-devel-windows-x86_64 1.0-0 12.00 91.00 103.00 NOTE
r-patched-linux-x86_64 1.0-0 3.82 58.78 62.60 OK
r-release-linux-x86_64 1.0-0 4.46 57.19 61.65 OK
r-release-macos-arm64 1.0-0 26.00 OK
r-release-macos-x86_64 1.0-0 38.00 OK
r-release-windows-x86_64 1.0-0 18.00 98.00 116.00 OK
r-oldrel-macos-arm64 1.0-0 32.00 OK
r-oldrel-macos-x86_64 1.0-0 44.00 OK
r-oldrel-windows-ix86+x86_64 1.0-0 11.00 88.00 99.00 OK

Check Details

Version: 1.0-0
Check: Rd files
Result: NOTE
    checkRd: (-1) disc42.Rd:28: Escaped LaTeX specials: \&
    checkRd: (-1) discrimination.Rd:31: Escaped LaTeX specials: \&
Flavors: r-devel-linux-x86_64-debian-clang, r-devel-linux-x86_64-debian-gcc, r-devel-linux-x86_64-fedora-clang, r-devel-linux-x86_64-fedora-gcc, r-devel-windows-x86_64