Last updated on 2024-04-18 21:56:53 CEST.
Flavor | Version | Tinstall | Tcheck | Ttotal | Status | Flags |
---|---|---|---|---|---|---|
r-devel-linux-x86_64-debian-clang | 1.1.5 | 56.57 | 36.19 | 92.76 | OK | |
r-devel-linux-x86_64-debian-gcc | 1.1.5 | 40.67 | 27.66 | 68.33 | OK | |
r-devel-linux-x86_64-fedora-clang | 1.1.5 | 119.45 | OK | |||
r-devel-linux-x86_64-fedora-gcc | 1.1.5 | 129.90 | OK | |||
r-prerel-macos-arm64 | 1.1.5 | 27.00 | NOTE | |||
r-prerel-windows-x86_64 | 1.1.5 | 40.00 | 71.00 | 111.00 | OK | |
r-patched-linux-x86_64 | 1.1.5 | 56.50 | 35.11 | 91.61 | OK | |
r-release-linux-x86_64 | 1.1.5 | 54.93 | 34.48 | 89.41 | OK | |
r-release-macos-arm64 | 1.1.5 | 38.00 | NOTE | |||
r-release-macos-x86_64 | 1.1.5 | 77.00 | NOTE | |||
r-release-windows-x86_64 | 1.1.5 | 47.00 | 82.00 | 129.00 | OK | |
r-oldrel-macos-arm64 | 1.1.5 | 40.00 | NOTE | |||
r-oldrel-windows-x86_64 | 1.1.5 | 48.00 | 74.00 | 122.00 | OK |
Version: 1.1.5
Check: installed package size
Result: NOTE
installed size is 5.2Mb
sub-directories of 1Mb or more:
libs 5.0Mb
Flavors: r-prerel-macos-arm64, r-release-macos-arm64, r-release-macos-x86_64, r-oldrel-macos-arm64