CRAN Package Check Results for Package histry

Last updated on 2022-09-24 21:51:04 CEST.

Flavor Version Tinstall Tcheck Ttotal Status Flags
r-devel-linux-x86_64-debian-clang 0.2.4 7.34 71.46 78.80 NOTE
r-devel-linux-x86_64-debian-gcc 0.2.4 7.33 55.98 63.31 NOTE
r-devel-linux-x86_64-fedora-clang 0.2.4 107.49 NOTE
r-devel-linux-x86_64-fedora-gcc 0.2.4 118.57 NOTE
r-devel-windows-x86_64 0.2.4 25.00 108.00 133.00 OK
r-patched-linux-x86_64 0.2.4 8.75 71.48 80.23 NOTE
r-release-linux-x86_64 0.2.4 7.69 70.15 77.84 NOTE
r-release-macos-arm64 0.2.4 33.00 NOTE
r-release-macos-x86_64 0.2.4 45.00 NOTE
r-release-windows-x86_64 0.2.4 30.00 117.00 147.00 OK
r-oldrel-macos-arm64 0.2.4 42.00 OK
r-oldrel-macos-x86_64 0.2.4 54.00 OK
r-oldrel-windows-ix86+x86_64 0.2.4 22.00 102.00 124.00 OK

Check Details

Version: 0.2.4
Check: package dependencies
Result: NOTE
    Package suggested but not available for checking: 'trackr'
Flavors: r-devel-linux-x86_64-debian-clang, r-devel-linux-x86_64-debian-gcc, r-devel-linux-x86_64-fedora-clang, r-devel-linux-x86_64-fedora-gcc, r-patched-linux-x86_64, r-release-linux-x86_64, r-release-macos-arm64, r-release-macos-x86_64