CRAN Package Check Results for Package historicalborrowlong

Last updated on 2024-06-12 20:58:59 CEST.

Flavor Version Tinstall Tcheck Ttotal Status Flags
r-devel-linux-x86_64-debian-clang 0.0.8 264.40 311.53 575.93 NOTE
r-devel-linux-x86_64-debian-gcc 0.0.8 0.37 1.83 2.20 ERROR
r-devel-linux-x86_64-fedora-clang 0.0.8 691.58 NOTE
r-devel-linux-x86_64-fedora-gcc 0.0.8 801.70 NOTE
r-devel-windows-x86_64 0.0.8 179.00 246.00 425.00 NOTE
r-patched-linux-x86_64 0.0.8 183.71 311.35 495.06 NOTE
r-release-linux-x86_64 0.0.8 0.34 2.14 2.48 ERROR
r-release-macos-arm64 0.0.8 165.00 NOTE
r-release-macos-x86_64 0.0.8 304.00 NOTE
r-release-windows-x86_64 0.0.8 189.00 242.00 431.00 NOTE
r-oldrel-macos-arm64 0.0.8 165.00 NOTE
r-oldrel-macos-x86_64 0.0.8 398.00 NOTE
r-oldrel-windows-x86_64 0.0.8 235.00 320.00 555.00 NOTE

Check Details

Version: 0.0.8
Check: for GNU extensions in Makefiles
Result: NOTE GNU make is a SystemRequirements. Flavors: r-devel-linux-x86_64-debian-clang, r-devel-linux-x86_64-fedora-clang, r-devel-linux-x86_64-fedora-gcc, r-devel-windows-x86_64, r-patched-linux-x86_64, r-release-macos-arm64, r-release-macos-x86_64, r-release-windows-x86_64, r-oldrel-macos-arm64, r-oldrel-macos-x86_64, r-oldrel-windows-x86_64

Version: 0.0.8
Check: package dependencies
Result: ERROR Packages required but not available: 'clustermq', 'dplyr', 'ggplot2', 'posterior', 'rstan', 'tibble', 'tidyr', 'tidyselect', 'trialr' Package suggested but not available for checking: ‘testthat’ See section ‘The DESCRIPTION file’ in the ‘Writing R Extensions’ manual. Flavor: r-devel-linux-x86_64-debian-gcc

Version: 0.0.8
Check: package dependencies
Result: ERROR Package required but not available: ‘trialr’ See section ‘The DESCRIPTION file’ in the ‘Writing R Extensions’ manual. Flavor: r-release-linux-x86_64

Version: 0.0.8
Check: installed package size
Result: NOTE installed size is 65.5Mb sub-directories of 1Mb or more: libs 65.0Mb Flavors: r-release-macos-arm64, r-release-macos-x86_64, r-oldrel-macos-arm64, r-oldrel-macos-x86_64

Version: 0.0.8
Check: R code for possible problems
Result: NOTE Error in inDL(x, as.logical(local), as.logical(now), ...) : unable to load shared object 'D:/RCompile/CRANpkg/lib/4.3/vctrs/libs/x64/vctrs.dll': LoadLibrary failure: Die Auslagerungsdatei ist zu klein, um diesen Vorgang durchzuführen. Calls: <Anonymous> Execution halted Flavor: r-oldrel-windows-x86_64