CRAN Package Check Results for Package hilbertSimilarity

Last updated on 2023-10-04 20:42:29 CEST.

Flavor Version Tinstall Tcheck Ttotal Status Flags
r-devel-linux-x86_64-debian-clang 0.4.3 18.53 178.52 197.05 NOTE
r-devel-linux-x86_64-debian-gcc 0.4.3 12.56 117.32 129.88 NOTE
r-devel-linux-x86_64-fedora-clang 0.4.3 216.16 NOTE
r-devel-linux-x86_64-fedora-gcc 0.4.3 281.16 NOTE
r-devel-windows-x86_64 0.4.3 16.00 212.00 228.00 NOTE
r-patched-linux-x86_64 0.4.3 17.88 152.50 170.38 NOTE
r-release-linux-x86_64 0.4.3 18.28 151.16 169.44 NOTE
r-release-macos-arm64 0.4.3 68.00 NOTE
r-release-macos-x86_64 0.4.3 121.00 NOTE
r-release-windows-x86_64 0.4.3 18.00 227.00 245.00 NOTE
r-oldrel-macos-arm64 0.4.3 63.00 NOTE
r-oldrel-macos-x86_64 0.4.3 84.00 NOTE
r-oldrel-windows-x86_64 0.4.3 23.00 223.00 246.00 NOTE

Check Details

Version: 0.4.3
Check: C++ specification
Result: NOTE
     Specified C++11: please drop specification unless essential
Flavors: r-devel-linux-x86_64-debian-clang, r-devel-linux-x86_64-debian-gcc, r-devel-linux-x86_64-fedora-clang, r-devel-linux-x86_64-fedora-gcc, r-devel-windows-x86_64, r-patched-linux-x86_64, r-release-linux-x86_64, r-release-macos-arm64, r-release-macos-x86_64, r-release-windows-x86_64

Version: 0.4.3
Check: LazyData
Result: NOTE
     'LazyData' is specified without a 'data' directory
Flavors: r-devel-linux-x86_64-debian-clang, r-devel-linux-x86_64-debian-gcc, r-devel-linux-x86_64-fedora-clang, r-devel-linux-x86_64-fedora-gcc, r-devel-windows-x86_64, r-patched-linux-x86_64, r-release-linux-x86_64, r-release-macos-arm64, r-release-macos-x86_64, r-release-windows-x86_64, r-oldrel-macos-arm64, r-oldrel-macos-x86_64, r-oldrel-windows-x86_64