Last updated on 2024-03-28 19:48:33 CET.
Flavor | Version | Tinstall | Tcheck | Ttotal | Status | Flags |
---|---|---|---|---|---|---|
r-devel-linux-x86_64-debian-clang | 0.4.3 | 17.75 | 152.25 | 170.00 | NOTE | |
r-devel-linux-x86_64-debian-gcc | 0.4.3 | 14.92 | 119.97 | 134.89 | NOTE | |
r-devel-linux-x86_64-fedora-clang | 0.4.3 | 225.62 | NOTE | |||
r-devel-linux-x86_64-fedora-gcc | 0.4.3 | 282.39 | NOTE | |||
r-devel-windows-x86_64 | 0.4.3 | 16.00 | 242.00 | 258.00 | NOTE | |
r-patched-linux-x86_64 | 0.4.3 | 20.12 | 159.19 | 179.31 | NOTE | |
r-release-linux-x86_64 | 0.4.3 | 16.02 | 159.14 | 175.16 | NOTE | |
r-release-macos-arm64 | 0.4.3 | 68.00 | NOTE | |||
r-release-macos-x86_64 | 0.4.3 | 121.00 | NOTE | |||
r-release-windows-x86_64 | 0.4.3 | 17.00 | 225.00 | 242.00 | NOTE | |
r-oldrel-macos-arm64 | 0.4.3 | 63.00 | NOTE | |||
r-oldrel-windows-x86_64 | 0.4.3 | 22.00 | 227.00 | 249.00 | NOTE |
Version: 0.4.3
Check: C++ specification
Result: NOTE
Specified C++11: please drop specification unless essential
Flavors: r-devel-linux-x86_64-debian-clang, r-devel-linux-x86_64-debian-gcc, r-devel-linux-x86_64-fedora-clang, r-devel-linux-x86_64-fedora-gcc, r-devel-windows-x86_64, r-patched-linux-x86_64, r-release-linux-x86_64, r-release-macos-arm64, r-release-macos-x86_64, r-release-windows-x86_64
Version: 0.4.3
Check: LazyData
Result: NOTE
'LazyData' is specified without a 'data' directory
Flavors: r-devel-linux-x86_64-debian-clang, r-devel-linux-x86_64-debian-gcc, r-devel-linux-x86_64-fedora-clang, r-devel-linux-x86_64-fedora-gcc, r-devel-windows-x86_64, r-patched-linux-x86_64, r-release-linux-x86_64, r-release-macos-arm64, r-release-macos-x86_64, r-release-windows-x86_64, r-oldrel-macos-arm64, r-oldrel-windows-x86_64