CRAN Package Check Results for Package hilbertSimilarity

Last updated on 2022-10-03 21:53:39 CEST.

Flavor Version Tinstall Tcheck Ttotal Status Flags
r-devel-linux-x86_64-debian-clang 0.4.3 19.38 188.21 207.59 NOTE
r-devel-linux-x86_64-debian-gcc 0.4.3 14.40 141.59 155.99 NOTE
r-devel-linux-x86_64-fedora-clang 0.4.3 268.03 NOTE
r-devel-linux-x86_64-fedora-gcc 0.4.3 268.29 NOTE
r-devel-windows-x86_64 0.4.3 48.00 288.00 336.00 NOTE
r-patched-linux-x86_64 0.4.3 15.02 203.84 218.86 NOTE
r-release-linux-x86_64 0.4.3 14.67 204.53 219.20 NOTE
r-release-macos-arm64 0.4.3 57.00 NOTE
r-release-macos-x86_64 0.4.3 84.00 NOTE
r-release-windows-x86_64 0.4.3 70.00 250.00 320.00 NOTE
r-oldrel-macos-arm64 0.4.3 74.00 NOTE
r-oldrel-macos-x86_64 0.4.3 168.00 NOTE
r-oldrel-windows-ix86+x86_64 0.4.3 46.00 260.00 306.00 NOTE

Check Details

Version: 0.4.3
Check: LazyData
Result: NOTE
     'LazyData' is specified without a 'data' directory
Flavors: r-devel-linux-x86_64-debian-clang, r-devel-linux-x86_64-debian-gcc, r-devel-linux-x86_64-fedora-clang, r-devel-linux-x86_64-fedora-gcc, r-devel-windows-x86_64, r-patched-linux-x86_64, r-release-linux-x86_64, r-release-macos-arm64, r-release-macos-x86_64, r-release-windows-x86_64, r-oldrel-macos-arm64, r-oldrel-macos-x86_64, r-oldrel-windows-ix86+x86_64