CRAN Package Check Results for Package highriskzone

Last updated on 2022-12-07 21:55:26 CET.

Flavor Version Tinstall Tcheck Ttotal Status Flags
r-devel-linux-x86_64-debian-clang 1.4.8 17.67 173.87 191.54 NOTE
r-devel-linux-x86_64-debian-gcc 1.4.8 12.15 129.87 142.02 NOTE
r-devel-linux-x86_64-fedora-clang 1.4.8 248.97 OK
r-devel-linux-x86_64-fedora-gcc 1.4.8 242.91 OK
r-devel-windows-x86_64 1.4.8 65.00 204.00 269.00 NOTE
r-patched-linux-x86_64 1.4.8 18.74 159.85 178.59 NOTE
r-release-linux-x86_64 1.4.8 14.26 169.74 184.00 NOTE
r-release-macos-arm64 1.4.8 68.00 NOTE
r-release-macos-x86_64 1.4.8 91.00 NOTE
r-release-windows-x86_64 1.4.8 53.00 193.00 246.00 NOTE
r-oldrel-macos-arm64 1.4.8 63.00 NOTE
r-oldrel-macos-x86_64 1.4.8 89.00 NOTE
r-oldrel-windows-ix86+x86_64 1.4.8 44.00 185.00 229.00 OK

Check Details

Version: 1.4.8
Check: package dependencies
Result: NOTE
    Package suggested but not available for checking: 'INLA'
Flavors: r-devel-linux-x86_64-debian-clang, r-devel-linux-x86_64-debian-gcc, r-devel-windows-x86_64, r-patched-linux-x86_64, r-release-linux-x86_64, r-release-macos-arm64, r-release-macos-x86_64, r-release-windows-x86_64, r-oldrel-macos-arm64, r-oldrel-macos-x86_64