Last updated on 2024-03-27 19:56:54 CET.
Flavor | Version | Tinstall | Tcheck | Ttotal | Status | Flags |
---|---|---|---|---|---|---|
r-devel-linux-x86_64-debian-clang | 0.5.1 | 69.87 | 28.82 | 98.69 | NOTE | |
r-devel-linux-x86_64-debian-gcc | 0.5.1 | 56.41 | 22.72 | 79.13 | NOTE | |
r-devel-linux-x86_64-fedora-clang | 0.5.1 | 185.73 | NOTE | |||
r-devel-linux-x86_64-fedora-gcc | 0.5.1 | 155.58 | NOTE | |||
r-devel-windows-x86_64 | 0.5.1 | 68.00 | 62.00 | 130.00 | NOTE | |
r-patched-linux-x86_64 | 0.5.1 | 82.44 | 29.09 | 111.53 | NOTE | |
r-release-linux-x86_64 | 0.5.1 | 76.32 | 29.07 | 105.39 | NOTE | |
r-release-macos-arm64 | 0.5.1 | 50.00 | NOTE | |||
r-release-macos-x86_64 | 0.5.1 | 78.00 | NOTE | |||
r-release-windows-x86_64 | 0.5.1 | 68.00 | 75.00 | 143.00 | NOTE | |
r-oldrel-macos-arm64 | 0.5.1 | 51.00 | NOTE | |||
r-oldrel-windows-x86_64 | 0.5.1 | 126.00 | 79.00 | 205.00 | OK |
Version: 0.5.1
Check: C++ specification
Result: NOTE
Specified C++11: please drop specification unless essential
Flavors: r-devel-linux-x86_64-debian-clang, r-devel-linux-x86_64-debian-gcc, r-devel-linux-x86_64-fedora-clang, r-devel-linux-x86_64-fedora-gcc, r-devel-windows-x86_64, r-patched-linux-x86_64, r-release-linux-x86_64, r-release-macos-arm64, r-release-macos-x86_64, r-release-windows-x86_64
Version: 0.5.1
Check: installed package size
Result: NOTE
installed size is 9.6Mb
sub-directories of 1Mb or more:
highlight 1.0Mb
libs 8.4Mb
Flavors: r-release-macos-arm64, r-release-macos-x86_64, r-oldrel-macos-arm64