Last updated on 2024-07-17 20:57:01 CEST.
Flavor | Version | Tinstall | Tcheck | Ttotal | Status | Flags |
---|---|---|---|---|---|---|
r-devel-linux-x86_64-debian-clang | 1.3 | 8.33 | 73.90 | 82.23 | OK | |
r-devel-linux-x86_64-debian-gcc | 1.3 | 5.18 | 54.25 | 59.43 | OK | |
r-devel-linux-x86_64-fedora-clang | 1.3 | 99.03 | OK | |||
r-devel-linux-x86_64-fedora-gcc | 1.3 | 96.24 | OK | |||
r-devel-windows-x86_64 | 1.3 | 8.00 | 72.00 | 80.00 | NOTE | |
r-patched-linux-x86_64 | 1.3 | 12.08 | 70.93 | 83.01 | OK | |
r-release-linux-x86_64 | 1.3 | 7.89 | 71.50 | 79.39 | OK | |
r-release-macos-arm64 | 1.3 | 30.00 | OK | |||
r-release-macos-x86_64 | 1.3 | 44.00 | OK | |||
r-release-windows-x86_64 | 1.3 | 7.00 | 72.00 | 79.00 | OK | |
r-oldrel-macos-arm64 | 1.3 | 35.00 | OK | |||
r-oldrel-macos-x86_64 | 1.3 | 56.00 | OK | |||
r-oldrel-windows-x86_64 | 1.3 | 9.00 | 82.00 | 91.00 | OK |
Version: 1.3
Check: Rd cross-references
Result: NOTE
Found the following Rd file(s) with Rd \link{} targets missing package
anchors:
plot.hglasso.Rd: layout.kamada.kawai, plot.igraph
Please provide package anchors for all Rd \link{} targets not in the
package itself and the base packages.
Flavor: r-devel-windows-x86_64