CRAN Package Check Results for Package hglasso

Last updated on 2024-12-17 20:48:24 CET.

Flavor Version Tinstall Tcheck Ttotal Status Flags
r-devel-linux-x86_64-debian-clang 1.3 7.12 58.19 65.31 NOTE
r-devel-linux-x86_64-debian-gcc 1.3 4.73 42.39 47.12 NOTE
r-devel-linux-x86_64-fedora-clang 1.3 101.74 OK
r-devel-linux-x86_64-fedora-gcc 1.3 95.05 OK
r-devel-windows-x86_64 1.3 8.00 72.00 80.00 NOTE
r-patched-linux-x86_64 1.3 9.44 54.06 63.50 OK
r-release-linux-x86_64 1.3 6.24 53.45 59.69 OK
r-release-macos-arm64 1.3 30.00 OK
r-release-macos-x86_64 1.3 44.00 OK
r-release-windows-x86_64 1.3 8.00 67.00 75.00 OK
r-oldrel-macos-arm64 1.3 35.00 OK
r-oldrel-macos-x86_64 1.3 56.00 OK
r-oldrel-windows-x86_64 1.3 9.00 84.00 93.00 OK

Check Details

Version: 1.3
Check: Rd cross-references
Result: NOTE Found the following Rd file(s) with Rd \link{} targets missing package anchors: plot.hglasso.Rd: layout.kamada.kawai, plot.igraph Please provide package anchors for all Rd \link{} targets not in the package itself and the base packages. Flavors: r-devel-linux-x86_64-debian-clang, r-devel-linux-x86_64-debian-gcc, r-devel-windows-x86_64