CRAN Package Check Results for Package hfr

Last updated on 2025-07-11 20:48:28 CEST.

Flavor Version Tinstall Tcheck Ttotal Status Flags
r-devel-linux-x86_64-debian-clang 0.7.1 5.76 52.53 58.29 NOTE
r-devel-linux-x86_64-debian-gcc 0.7.1 3.86 36.66 40.52 NOTE
r-devel-linux-x86_64-fedora-clang 0.7.1 84.41 OK
r-devel-linux-x86_64-fedora-gcc 0.7.1 80.04 OK
r-devel-windows-x86_64 0.7.1 7.00 66.00 73.00 OK
r-patched-linux-x86_64 0.7.1 5.99 48.61 54.60 OK
r-release-linux-x86_64 0.7.1 5.56 47.38 52.94 OK
r-release-macos-arm64 0.7.1 27.00 OK
r-release-macos-x86_64 0.7.1 48.00 OK
r-release-windows-x86_64 0.7.1 7.00 66.00 73.00 OK
r-oldrel-macos-arm64 0.7.1 25.00 OK
r-oldrel-macos-x86_64 0.7.1 54.00 OK
r-oldrel-windows-x86_64 0.7.1 10.00 78.00 88.00 OK

Check Details

Version: 0.7.1
Check: CRAN incoming feasibility
Result: NOTE Maintainer: ‘Johann Pfitzinger <johann.pfitzinger@gmail.com>’ No Authors@R field in DESCRIPTION. Please add one, modifying Authors@R: person(given = "Johann", family = "Pfitzinger", role = c("aut", "cre"), email = "johann.pfitzinger@gmail.com") as necessary. Flavors: r-devel-linux-x86_64-debian-clang, r-devel-linux-x86_64-debian-gcc