Last updated on 2024-07-17 20:57:01 CEST.
Flavor | Version | Tinstall | Tcheck | Ttotal | Status | Flags |
---|---|---|---|---|---|---|
r-devel-linux-x86_64-debian-clang | 0.6 | 11.76 | 122.29 | 134.05 | NOTE | |
r-devel-linux-x86_64-debian-gcc | 0.6 | 9.21 | 91.46 | 100.67 | NOTE | |
r-devel-linux-x86_64-fedora-clang | 0.6 | 164.25 | NOTE | |||
r-devel-linux-x86_64-fedora-gcc | 0.6 | 159.21 | NOTE | |||
r-devel-windows-x86_64 | 0.6 | 12.00 | 117.00 | 129.00 | NOTE | |
r-patched-linux-x86_64 | 0.6 | 12.76 | 118.46 | 131.22 | NOTE | |
r-release-linux-x86_64 | 0.6 | 10.34 | 116.99 | 127.33 | NOTE | |
r-release-macos-arm64 | 0.6 | 52.00 | NOTE | |||
r-release-macos-x86_64 | 0.6 | 81.00 | NOTE | |||
r-release-windows-x86_64 | 0.6 | 11.00 | 119.00 | 130.00 | NOTE | |
r-oldrel-macos-arm64 | 0.6 | 55.00 | NOTE | |||
r-oldrel-macos-x86_64 | 0.6 | 99.00 | NOTE | |||
r-oldrel-windows-x86_64 | 0.6 | 15.00 | 141.00 | 156.00 | OK |
Version: 0.6
Check: Rd files
Result: NOTE
checkRd: (-1) hero.Rd:67-68: Lost braces
67 | then \code{\link[pbapply]{pblapply}} is used. If code{package ==
| ^
checkRd: (-1) hero.Rd:69: Lost braces
69 | code{package == "Rmpi"}, then \code{\link[Rmpi]{mpi.applyLB}} is used.}
| ^
Flavors: r-devel-linux-x86_64-debian-clang, r-devel-linux-x86_64-debian-gcc, r-devel-linux-x86_64-fedora-clang, r-devel-linux-x86_64-fedora-gcc, r-devel-windows-x86_64, r-patched-linux-x86_64, r-release-linux-x86_64, r-release-macos-arm64, r-release-macos-x86_64, r-release-windows-x86_64
Version: 0.6
Check: package dependencies
Result: NOTE
Package suggested but not available for checking: ‘Rmpi’
Flavors: r-release-macos-arm64, r-release-macos-x86_64, r-oldrel-macos-arm64, r-oldrel-macos-x86_64
Version: 0.6
Check: Rd cross-references
Result: NOTE
Package unavailable to check Rd xrefs: ‘Rmpi’
Flavors: r-release-macos-arm64, r-release-macos-x86_64, r-oldrel-macos-arm64, r-oldrel-macos-x86_64