CRAN Package Check Results for Package hellno

Last updated on 2025-05-07 20:49:46 CEST.

Flavor Version Tinstall Tcheck Ttotal Status Flags
r-devel-linux-x86_64-debian-clang 0.0.1 1.34 18.04 19.38 NOTE
r-devel-linux-x86_64-debian-gcc 0.0.1 1.31 15.77 17.08 NOTE
r-devel-linux-x86_64-fedora-clang 0.0.1 28.60 OK
r-devel-linux-x86_64-fedora-gcc 0.0.1 27.71 OK
r-devel-windows-x86_64 0.0.1 2.00 38.00 40.00 OK
r-patched-linux-x86_64 0.0.1 1.56 16.11 17.67 OK
r-release-linux-x86_64 0.0.1 1.29 16.29 17.58 OK
r-release-macos-arm64 0.0.1 15.00 OK
r-release-macos-x86_64 0.0.1 24.00 OK
r-release-windows-x86_64 0.0.1 3.00 40.00 43.00 OK
r-oldrel-macos-arm64 0.0.1 14.00 NOTE
r-oldrel-macos-x86_64 0.0.1 21.00 NOTE
r-oldrel-windows-x86_64 0.0.1 3.00 41.00 44.00 NOTE

Check Details

Version: 0.0.1
Check: CRAN incoming feasibility
Result: NOTE Maintainer: ‘Peter Meissner <retep.meissner@gmail.com>’ No Authors@R field in DESCRIPTION. Please add one, modifying Authors@R: person(given = "Peter", family = "Meissner", role = c("aut", "cre"), email = "retep.meissner@gmail.com") as necessary. Flavors: r-devel-linux-x86_64-debian-clang, r-devel-linux-x86_64-debian-gcc

Version: 0.0.1
Check: LazyData
Result: NOTE 'LazyData' is specified without a 'data' directory Flavors: r-oldrel-macos-arm64, r-oldrel-macos-x86_64, r-oldrel-windows-x86_64