CRAN Package Check Results for Package heddlr

Last updated on 2025-04-16 20:48:43 CEST.

Flavor Version Tinstall Tcheck Ttotal Status Flags
r-devel-linux-x86_64-debian-clang 0.6.0 1.63 29.15 30.78 OK
r-devel-linux-x86_64-debian-gcc 0.6.0 1.59 22.83 24.42 OK
r-devel-linux-x86_64-fedora-clang 0.6.0 49.79 OK
r-devel-linux-x86_64-fedora-gcc 0.6.0 62.14 OK
r-devel-windows-x86_64 0.6.0 4.00 53.00 57.00 OK
r-patched-linux-x86_64 0.6.0 2.33 28.79 31.12 OK
r-release-linux-x86_64 0.6.0 1.99 28.31 30.30 OK
r-release-macos-arm64 0.6.0 27.00 OK
r-release-macos-x86_64 0.6.0 50.00 OK
r-release-windows-x86_64 0.6.0 6.00 53.00 59.00 OK
r-oldrel-macos-arm64 0.6.0 25.00 NOTE
r-oldrel-macos-x86_64 0.6.0 42.00 NOTE
r-oldrel-windows-x86_64 0.6.0 4.00 57.00 61.00 NOTE

Check Details

Version: 0.6.0
Check: LazyData
Result: NOTE 'LazyData' is specified without a 'data' directory Flavors: r-oldrel-macos-arm64, r-oldrel-macos-x86_64, r-oldrel-windows-x86_64