CRAN Package Check Results for Package healthyverse

Last updated on 2022-10-03 21:53:39 CEST.

Flavor Version Tinstall Tcheck Ttotal Status Flags
r-devel-linux-x86_64-debian-clang 1.0.2 10.66 139.63 150.29 OK
r-devel-linux-x86_64-debian-gcc 1.0.2 11.01 101.68 112.69 OK
r-devel-linux-x86_64-fedora-clang 1.0.2 189.01 NOTE
r-devel-linux-x86_64-fedora-gcc 1.0.2 178.87 NOTE
r-devel-windows-x86_64 1.0.2 33.00 155.00 188.00 OK
r-patched-linux-x86_64 1.0.2 14.71 128.51 143.22 OK
r-release-linux-x86_64 1.0.2 11.92 127.05 138.97 OK
r-release-macos-arm64 1.0.2 51.00 NOTE
r-release-macos-x86_64 1.0.2 84.00 NOTE
r-release-windows-x86_64 1.0.2 39.00 152.00 191.00 OK
r-oldrel-macos-arm64 1.0.2 45.00 NOTE
r-oldrel-macos-x86_64 1.0.2 67.00 NOTE
r-oldrel-windows-ix86+x86_64 1.0.2 38.00 149.00 187.00 OK

Check Details

Version: 1.0.2
Check: dependencies in R code
Result: NOTE
    Namespaces in Imports field not imported from:
     ‘TidyDensity’ ‘healthyR’ ‘healthyR.ai’ ‘healthyR.data’ ‘healthyR.ts’
     All declared Imports should be used.
Flavors: r-devel-linux-x86_64-fedora-clang, r-devel-linux-x86_64-fedora-gcc, r-release-macos-arm64, r-release-macos-x86_64, r-oldrel-macos-arm64, r-oldrel-macos-x86_64