Last updated on 2024-07-17 20:57:01 CEST.
Flavor | Version | Tinstall | Tcheck | Ttotal | Status | Flags |
---|---|---|---|---|---|---|
r-devel-linux-x86_64-debian-clang | 3.4 | 7.27 | 54.58 | 61.85 | OK | |
r-devel-linux-x86_64-debian-gcc | 3.4 | 5.55 | 37.57 | 43.12 | OK | |
r-devel-linux-x86_64-fedora-clang | 3.4 | 75.59 | OK | |||
r-devel-linux-x86_64-fedora-gcc | 3.4 | 68.41 | OK | |||
r-devel-windows-x86_64 | 3.4 | 10.00 | 67.00 | 77.00 | NOTE | |
r-patched-linux-x86_64 | 3.4 | 6.16 | 50.64 | 56.80 | OK | |
r-release-linux-x86_64 | 3.4 | 4.91 | 52.70 | 57.61 | OK | |
r-release-macos-arm64 | 3.4 | 26.00 | OK | |||
r-release-macos-x86_64 | 3.4 | 37.00 | OK | |||
r-release-windows-x86_64 | 3.4 | 9.00 | 68.00 | 77.00 | NOTE | |
r-oldrel-macos-arm64 | 3.4 | 26.00 | OK | |||
r-oldrel-macos-x86_64 | 3.4 | 37.00 | OK | |||
r-oldrel-windows-x86_64 | 3.4 | 12.00 | 62.00 | 74.00 | NOTE |
Version: 3.4
Check: C++ specification
Result: NOTE
Specified C++11: please drop specification unless essential
Flavors: r-devel-windows-x86_64, r-release-windows-x86_64, r-oldrel-windows-x86_64