CRAN Package Check Results for Package hdf5r

Last updated on 2022-12-02 20:53:16 CET.

Flavor Version Tinstall Tcheck Ttotal Status Flags
r-devel-linux-x86_64-debian-clang 1.3.7 68.96 133.47 202.43 WARN
r-devel-linux-x86_64-debian-gcc 1.3.7 50.90 102.70 153.60 WARN
r-devel-linux-x86_64-fedora-clang 1.3.7 260.45 WARN
r-devel-linux-x86_64-fedora-gcc 1.3.7 276.70 WARN
r-devel-windows-x86_64 1.3.7 194.00 214.00 408.00 NOTE
r-patched-linux-x86_64 1.3.7 58.10 129.03 187.13 OK
r-release-linux-x86_64 1.3.7 55.64 130.46 186.10 OK
r-release-macos-arm64 1.3.7 76.00 NOTE
r-release-macos-x86_64 1.3.7 97.00 NOTE
r-release-windows-x86_64 1.3.7 221.00 187.00 408.00 NOTE
r-oldrel-macos-arm64 1.3.7 75.00 NOTE
r-oldrel-macos-x86_64 1.3.7 99.00 NOTE
r-oldrel-windows-ix86+x86_64 1.3.7 101.00 226.00 327.00 NOTE

Check Details

Version: 1.3.7
Check: whether package can be installed
Result: WARN
    Found the following significant warnings:
     ./H5Error.h:25:15: warning: a function declaration without a prototype is deprecated in all versions of C [-Wstrict-prototypes]
     datatype_export.c:64:24: warning: a function declaration without a prototype is deprecated in all versions of C [-Wstrict-prototypes]
     H5Error.c:122:15: warning: a function declaration without a prototype is deprecated in all versions of C [-Wstrict-prototypes]
Flavors: r-devel-linux-x86_64-debian-clang, r-devel-linux-x86_64-fedora-clang

Version: 1.3.7
Check: whether package can be installed
Result: WARN
    Found the following significant warnings:
     H5Error.h:25:1: warning: function declaration isn’t a prototype [-Wstrict-prototypes]
     datatype_export.c:64:6: warning: function declaration isn’t a prototype [-Wstrict-prototypes]
     H5Error.c:122:6: warning: function declaration isn’t a prototype [-Wstrict-prototypes]
Flavors: r-devel-linux-x86_64-debian-gcc, r-devel-linux-x86_64-fedora-gcc

Version: 1.3.7
Check: installed package size
Result: NOTE
     installed size is 5.3Mb
Flavors: r-devel-linux-x86_64-fedora-clang, r-devel-windows-x86_64, r-release-macos-arm64, r-release-macos-x86_64, r-release-windows-x86_64, r-oldrel-macos-arm64, r-oldrel-macos-x86_64, r-oldrel-windows-ix86+x86_64