Last updated on 2024-04-25 20:48:24 CEST.
Flavor | Version | Tinstall | Tcheck | Ttotal | Status | Flags |
---|---|---|---|---|---|---|
r-devel-linux-x86_64-debian-clang | 2.3.0 | 1572.11 | 213.66 | 1785.77 | NOTE | |
r-devel-linux-x86_64-debian-gcc | 2.3.0 | 1463.57 | 239.15 | 1702.72 | NOTE | |
r-devel-linux-x86_64-fedora-clang | 2.3.0 | 2189.38 | NOTE | |||
r-devel-linux-x86_64-fedora-gcc | 2.3.0 | 1699.81 | NOTE | |||
r-devel-windows-x86_64 | 2.3.0 | 1102.00 | 253.00 | 1355.00 | NOTE | |
r-patched-linux-x86_64 | 2.3.0 | 1256.07 | 312.07 | 1568.14 | NOTE | |
r-release-linux-x86_64 | 2.3.0 | 0.03 | 2.91 | 2.94 | ERROR | |
r-release-macos-arm64 | 2.3.0 | 567.00 | NOTE | |||
r-release-macos-x86_64 | 2.3.0 | 551.00 | NOTE | |||
r-release-windows-x86_64 | 2.3.0 | 1108.00 | 257.00 | 1365.00 | NOTE | |
r-oldrel-macos-arm64 | 2.3.0 | 597.00 | NOTE | |||
r-oldrel-macos-x86_64 | 2.3.0 | 477.00 | NOTE | |||
r-oldrel-windows-x86_64 | 2.3.0 | 1487.00 | 328.00 | 1815.00 | NOTE |
Version: 2.3.0
Check: for GNU extensions in Makefiles
Result: NOTE
GNU make is a SystemRequirements.
Flavors: r-devel-linux-x86_64-debian-clang, r-devel-linux-x86_64-debian-gcc, r-devel-linux-x86_64-fedora-clang, r-devel-linux-x86_64-fedora-gcc, r-devel-windows-x86_64, r-patched-linux-x86_64, r-release-macos-arm64, r-release-macos-x86_64, r-release-windows-x86_64, r-oldrel-macos-arm64, r-oldrel-macos-x86_64, r-oldrel-windows-x86_64
Version: 2.3.0
Check: installed package size
Result: NOTE
installed size is 14.9Mb
sub-directories of 1Mb or more:
libs 13.2Mb
Flavors: r-devel-linux-x86_64-fedora-clang, r-devel-windows-x86_64, r-release-macos-arm64, r-release-macos-x86_64, r-release-windows-x86_64, r-oldrel-macos-arm64, r-oldrel-macos-x86_64, r-oldrel-windows-x86_64
Version: 2.3.0
Check: whether package can be installed
Result: ERROR
Installation failed.
Flavor: r-release-linux-x86_64