CRAN Package Check Results for Package hazer

Last updated on 2022-09-27 21:53:51 CEST.

Flavor Version Tinstall Tcheck Ttotal Status Flags
r-devel-linux-x86_64-debian-clang 1.1.1 1.88 48.60 50.48 NOTE
r-devel-linux-x86_64-debian-gcc 1.1.1 1.73 34.86 36.59 NOTE
r-devel-linux-x86_64-fedora-clang 1.1.1 75.25 NOTE
r-devel-linux-x86_64-fedora-gcc 1.1.1 77.67 NOTE
r-devel-windows-x86_64 1.1.1 8.00 75.00 83.00 NOTE
r-patched-linux-x86_64 1.1.1 1.94 46.32 48.26 NOTE
r-release-linux-x86_64 1.1.1 2.17 45.34 47.51 NOTE
r-release-macos-arm64 1.1.1 20.00 NOTE
r-release-macos-x86_64 1.1.1 29.00 NOTE
r-release-windows-x86_64 1.1.1 11.00 74.00 85.00 NOTE
r-oldrel-macos-arm64 1.1.1 31.00 NOTE
r-oldrel-macos-x86_64 1.1.1 52.00 NOTE
r-oldrel-windows-ix86+x86_64 1.1.1 5.00 70.00 75.00 ERROR

Check Details

Version: 1.1.1
Check: LazyData
Result: NOTE
     'LazyData' is specified without a 'data' directory
Flavors: r-devel-linux-x86_64-debian-clang, r-devel-linux-x86_64-debian-gcc, r-devel-linux-x86_64-fedora-clang, r-devel-linux-x86_64-fedora-gcc, r-devel-windows-x86_64, r-patched-linux-x86_64, r-release-linux-x86_64, r-release-macos-arm64, r-release-macos-x86_64, r-release-windows-x86_64, r-oldrel-macos-arm64, r-oldrel-macos-x86_64, r-oldrel-windows-ix86+x86_64

Version: 1.1.1
Check: tests
Result: ERROR
     Running 'testthat.R' [10s]
    Running the tests in 'tests/testthat.R' failed.
    Complete output:
     > library(testthat)
     > library(hazer)
     >
     > test_check("hazer")
     [ FAIL 2 | WARN 0 | SKIP 0 | PASS 4 ]
    
     == Failed tests ================================================================
     -- Failure (testall.R:22:3): test the haze -------------------------------------
     floor(h$haze * 1000) not equal to ifelse(tolower(Sys.info()[[1]]) != "linux", 225, 224).
     1/1 mismatches
     [1] 224 - 225 == -1
     -- Failure (testall.R:23:3): test the haze -------------------------------------
     floor(h$A0 * 1000) not equal to ifelse(tolower(Sys.info()[[1]]) != "linux", 710, 712).
     1/1 mismatches
     [1] 712 - 710 == 2
    
     [ FAIL 2 | WARN 0 | SKIP 0 | PASS 4 ]
     Error: Test failures
     Execution halted
Flavor: r-oldrel-windows-ix86+x86_64