Last updated on 2025-11-23 20:48:50 CET.
| Flavor | Version | Tinstall | Tcheck | Ttotal | Status | Flags |
|---|---|---|---|---|---|---|
| r-devel-linux-x86_64-debian-clang | 0.0-4 | 25.52 | 23.58 | 49.10 | NOTE | |
| r-devel-linux-x86_64-debian-gcc | 0.0-4 | 16.18 | 19.10 | 35.28 | NOTE | |
| r-devel-linux-x86_64-fedora-clang | 0.0-4 | 62.00 | 21.94 | 83.94 | NOTE | |
| r-devel-linux-x86_64-fedora-gcc | 0.0-4 | 57.00 | 19.38 | 76.38 | NOTE | |
| r-devel-windows-x86_64 | 0.0-4 | 36.00 | 59.00 | 95.00 | OK | |
| r-patched-linux-x86_64 | 0.0-4 | 24.23 | 22.27 | 46.50 | OK | |
| r-release-linux-x86_64 | 0.0-4 | 23.33 | 22.46 | 45.79 | OK | |
| r-release-macos-arm64 | 0.0-4 | OK | ||||
| r-release-macos-x86_64 | 0.0-4 | 26.00 | 26.00 | 52.00 | OK | |
| r-release-windows-x86_64 | 0.0-4 | 30.00 | 110.00 | 140.00 | OK | |
| r-oldrel-macos-arm64 | 0.0-4 | OK | ||||
| r-oldrel-macos-x86_64 | 0.0-4 | 13.00 | 21.00 | 34.00 | OK | |
| r-oldrel-windows-x86_64 | 0.0-4 | 35.00 | 71.00 | 106.00 | OK |
Version: 0.0-4
Check: CRAN incoming feasibility
Result: NOTE
Maintainer: ‘Riadh Zaatour <zaatour_riadh@yahoo.fr>’
No Authors@R field in DESCRIPTION.
Please add one, modifying
Authors@R: person(given = "Riadh",
family = "Zaatour",
role = c("aut", "cre"),
email = "zaatour_riadh@yahoo.fr")
as necessary.
Flavors: r-devel-linux-x86_64-debian-clang, r-devel-linux-x86_64-debian-gcc
Version: 0.0-4
Check: compiled code
Result: NOTE
File ‘hawkes/libs/hawkes.so’:
Found no calls to: ‘R_registerRoutines’, ‘R_useDynamicSymbols’
It is good practice to register native routines and to disable symbol
search.
See ‘Writing portable packages’ in the ‘Writing R Extensions’ manual.
Flavors: r-devel-linux-x86_64-fedora-clang, r-devel-linux-x86_64-fedora-gcc