Last updated on 2024-04-23 20:52:05 CEST.
Flavor | Version | Tinstall | Tcheck | Ttotal | Status | Flags |
---|---|---|---|---|---|---|
r-devel-linux-x86_64-debian-clang | 0.0-4 | 39.20 | 26.80 | 66.00 | OK | |
r-devel-linux-x86_64-debian-gcc | 0.0-4 | 26.87 | 21.08 | 47.95 | OK | |
r-devel-linux-x86_64-fedora-clang | 0.0-4 | 91.95 | NOTE | |||
r-devel-linux-x86_64-fedora-gcc | 0.0-4 | 91.72 | NOTE | |||
r-prerel-macos-arm64 | 0.0-4 | 24.00 | OK | |||
r-prerel-windows-x86_64 | 0.0-4 | 32.00 | 61.00 | 93.00 | OK | |
r-patched-linux-x86_64 | 0.0-4 | 35.90 | 26.35 | 62.25 | OK | |
r-release-linux-x86_64 | 0.0-4 | 35.08 | 25.93 | 61.01 | OK | |
r-release-macos-arm64 | 0.0-4 | 29.00 | OK | |||
r-release-macos-x86_64 | 0.0-4 | 44.00 | OK | |||
r-release-windows-x86_64 | 0.0-4 | 40.00 | 67.00 | 107.00 | OK | |
r-oldrel-macos-arm64 | 0.0-4 | 26.00 | OK | |||
r-oldrel-windows-x86_64 | 0.0-4 | 39.00 | 68.00 | 107.00 | OK |
Version: 0.0-4
Check: compiled code
Result: NOTE
File ‘hawkes/libs/hawkes.so’:
Found no calls to: ‘R_registerRoutines’, ‘R_useDynamicSymbols’
It is good practice to register native routines and to disable symbol
search.
See ‘Writing portable packages’ in the ‘Writing R Extensions’ manual.
Flavors: r-devel-linux-x86_64-fedora-clang, r-devel-linux-x86_64-fedora-gcc