CRAN Package Check Results for Package hashids

Last updated on 2025-11-02 23:49:40 CET.

Flavor Version Tinstall Tcheck Ttotal Status Flags
r-devel-linux-x86_64-debian-clang 0.9.0 1.97 21.18 23.15 OK
r-devel-linux-x86_64-debian-gcc 0.9.0 1.53 17.41 18.94 OK
r-devel-linux-x86_64-fedora-clang 0.9.0 35.81 OK
r-devel-linux-x86_64-fedora-gcc 0.9.0 31.27 OK
r-devel-windows-x86_64 0.9.0 3.00 41.00 44.00 OK
r-patched-linux-x86_64 0.9.0 1.86 19.84 21.70 OK
r-release-linux-x86_64 0.9.0 1.60 20.05 21.65 OK
r-release-macos-arm64 0.9.0 1.00 14.00 15.00 OK
r-release-macos-x86_64 0.9.0 2.00 22.00 24.00 OK
r-release-windows-x86_64 0.9.0 3.00 39.00 42.00 OK
r-oldrel-macos-arm64 0.9.0 1.00 13.00 14.00 NOTE
r-oldrel-macos-x86_64 0.9.0 2.00 18.00 20.00 NOTE
r-oldrel-windows-x86_64 0.9.0 4.00 43.00 47.00 NOTE

Check Details

Version: 0.9.0
Check: LazyData
Result: NOTE 'LazyData' is specified without a 'data' directory Flavors: r-oldrel-macos-arm64, r-oldrel-macos-x86_64, r-oldrel-windows-x86_64