Last updated on 2024-07-17 20:57:01 CEST.
Flavor | Version | Tinstall | Tcheck | Ttotal | Status | Flags |
---|---|---|---|---|---|---|
r-devel-linux-x86_64-debian-clang | 1.1.3.1 | 15.03 | 132.24 | 147.27 | OK | |
r-devel-linux-x86_64-debian-gcc | 1.1.3.1 | 15.45 | 95.72 | 111.17 | OK | |
r-devel-linux-x86_64-fedora-clang | 1.1.3.1 | 186.68 | OK | |||
r-devel-linux-x86_64-fedora-gcc | 1.1.3.1 | 171.09 | OK | |||
r-devel-windows-x86_64 | 1.1.3.1 | 16.00 | 115.00 | 131.00 | NOTE | |
r-patched-linux-x86_64 | 1.1.3.1 | 23.54 | 125.30 | 148.84 | OK | |
r-release-linux-x86_64 | 1.1.3.1 | 18.03 | 124.08 | 142.11 | OK | |
r-release-macos-arm64 | 1.1.3.1 | 49.00 | OK | |||
r-release-macos-x86_64 | 1.1.3.1 | 87.00 | OK | |||
r-release-windows-x86_64 | 1.1.3.1 | 17.00 | 117.00 | 134.00 | OK | |
r-oldrel-macos-arm64 | 1.1.3.1 | 48.00 | OK | |||
r-oldrel-macos-x86_64 | 1.1.3.1 | 82.00 | OK | |||
r-oldrel-windows-x86_64 | 1.1.3.1 | 21.00 | 139.00 | 160.00 | OK |
Version: 1.1.3.1
Check: Rd cross-references
Result: NOTE
Found the following Rd file(s) with Rd \link{} targets missing package
anchors:
Parsimnet-class.Rd: network, networx
as.DNAbin-methods.Rd: DNAbin
as.dna-methods.Rd: DNAbin, phyDat
as.network-methods.Rd: network
as.networx-methods.Rd: networx, as.splits
as.phyDat-methods.Rd: phyDat
parsimnet-methods.Rd: network
pielegend-methods.Rd: floating.pie, plot.network.default
pieplot-methods.Rd: network.layout, floating.pie, network.vertex,
plot.network.default
plot-methods.Rd: plot.network.default
Please provide package anchors for all Rd \link{} targets not in the
package itself and the base packages.
Flavor: r-devel-windows-x86_64