Last updated on 2025-05-06 20:50:42 CEST.
Flavor | Version | Tinstall | Tcheck | Ttotal | Status | Flags |
---|---|---|---|---|---|---|
r-devel-linux-x86_64-debian-clang | 3.2.4 | 55.18 | 248.58 | 303.76 | OK | |
r-devel-linux-x86_64-debian-gcc | 3.2.4 | 39.36 | 153.95 | 193.31 | OK | |
r-devel-linux-x86_64-fedora-clang | 3.2.4 | 492.85 | OK | |||
r-devel-linux-x86_64-fedora-gcc | 3.2.4 | 503.23 | OK | |||
r-devel-windows-x86_64 | 3.2.4 | 63.00 | 280.00 | 343.00 | OK | |
r-patched-linux-x86_64 | 3.2.4 | 54.15 | 227.32 | 281.47 | OK | |
r-release-linux-x86_64 | 3.2.4 | 55.32 | 225.20 | 280.52 | OK | |
r-release-macos-arm64 | 3.2.4 | 132.00 | OK | |||
r-release-macos-x86_64 | 3.2.4 | 259.00 | OK | |||
r-release-windows-x86_64 | 3.2.4 | 63.00 | 279.00 | 342.00 | OK | |
r-oldrel-macos-arm64 | 3.2.4 | 119.00 | NOTE | |||
r-oldrel-macos-x86_64 | 3.2.4 | 248.00 | NOTE | |||
r-oldrel-windows-x86_64 | 3.2.4 | 78.00 | 369.00 | 447.00 | OK |
Version: 3.2.4
Check: installed package size
Result: NOTE
installed size is 5.7Mb
sub-directories of 1Mb or more:
libs 3.2Mb
Flavors: r-oldrel-macos-arm64, r-oldrel-macos-x86_64