Last updated on 2025-07-15 21:50:26 CEST.
Flavor | Version | Tinstall | Tcheck | Ttotal | Status | Flags |
---|---|---|---|---|---|---|
r-devel-linux-x86_64-debian-clang | 0.3.0 | 2.04 | 26.48 | 28.52 | OK | |
r-devel-linux-x86_64-debian-gcc | 0.3.0 | 1.32 | 21.69 | 23.01 | OK | |
r-devel-linux-x86_64-fedora-clang | 0.3.0 | 43.61 | NOTE | |||
r-devel-linux-x86_64-fedora-gcc | 0.3.0 | 53.86 | NOTE | |||
r-devel-windows-x86_64 | 0.3.0 | 3.00 | 46.00 | 49.00 | OK | |
r-patched-linux-x86_64 | 0.3.0 | 2.19 | 24.39 | 26.58 | OK | |
r-release-linux-x86_64 | 0.3.0 | 1.97 | 24.09 | 26.06 | OK | |
r-release-macos-arm64 | 0.3.0 | 31.00 | OK | |||
r-release-macos-x86_64 | 0.3.0 | 42.00 | OK | |||
r-release-windows-x86_64 | 0.3.0 | 3.00 | 51.00 | 54.00 | OK | |
r-oldrel-macos-arm64 | 0.3.0 | 29.00 | OK | |||
r-oldrel-macos-x86_64 | 0.3.0 | 68.00 | OK | |||
r-oldrel-windows-x86_64 | 0.3.0 | 4.00 | 52.00 | 56.00 | OK |
Version: 0.3.0
Check: dependencies in R code
Result: NOTE
Namespace in Imports field not imported from: ‘knitr’
All declared Imports should be used.
Flavors: r-devel-linux-x86_64-fedora-clang, r-devel-linux-x86_64-fedora-gcc