Last updated on 2024-03-27 19:56:54 CET.
Flavor | Version | Tinstall | Tcheck | Ttotal | Status | Flags |
---|---|---|---|---|---|---|
r-devel-linux-x86_64-debian-clang | 1.0 | 12.36 | 104.22 | 116.58 | NOTE | |
r-devel-linux-x86_64-debian-gcc | 1.0 | 7.50 | 77.77 | 85.27 | NOTE | |
r-devel-linux-x86_64-fedora-clang | 1.0 | 138.29 | NOTE | |||
r-devel-linux-x86_64-fedora-gcc | 1.0 | 136.78 | NOTE | |||
r-devel-windows-x86_64 | 1.0 | 11.00 | 86.00 | 97.00 | NOTE | |
r-patched-linux-x86_64 | 1.0 | 12.80 | 100.63 | 113.43 | NOTE | |
r-release-linux-x86_64 | 1.0 | 10.51 | 100.63 | 111.14 | NOTE | |
r-release-macos-arm64 | 1.0 | 47.00 | NOTE | |||
r-release-macos-x86_64 | 1.0 | 67.00 | NOTE | |||
r-release-windows-x86_64 | 1.0 | 13.00 | 99.00 | 112.00 | NOTE | |
r-oldrel-macos-arm64 | 1.0 | 41.00 | NOTE | |||
r-oldrel-windows-x86_64 | 1.0 | 13.00 | 112.00 | 125.00 | NOTE |
Version: 1.0
Check: LazyData
Result: NOTE
'LazyData' is specified without a 'data' directory
Flavors: r-devel-linux-x86_64-debian-clang, r-devel-linux-x86_64-debian-gcc, r-devel-linux-x86_64-fedora-clang, r-devel-linux-x86_64-fedora-gcc, r-devel-windows-x86_64, r-patched-linux-x86_64, r-release-linux-x86_64, r-release-macos-arm64, r-release-macos-x86_64, r-release-windows-x86_64, r-oldrel-macos-arm64, r-oldrel-windows-x86_64