Last updated on 2025-11-11 20:50:36 CET.
| Flavor | Version | Tinstall | Tcheck | Ttotal | Status | Flags |
|---|---|---|---|---|---|---|
| r-devel-linux-x86_64-debian-clang | 1.0 | 10.81 | 102.17 | 112.98 | NOTE | |
| r-devel-linux-x86_64-debian-gcc | 1.0 | 7.60 | 74.25 | 81.85 | NOTE | |
| r-devel-linux-x86_64-fedora-clang | 1.0 | 56.00 | 131.08 | 187.08 | OK | |
| r-devel-linux-x86_64-fedora-gcc | 1.0 | 22.00 | 131.69 | 153.69 | OK | |
| r-devel-windows-x86_64 | 1.0 | 14.00 | 97.00 | 111.00 | OK | |
| r-patched-linux-x86_64 | 1.0 | 9.36 | 95.74 | 105.10 | OK | |
| r-release-linux-x86_64 | 1.0 | 8.68 | 95.70 | 104.38 | OK | |
| r-release-macos-arm64 | 1.0 | 5.00 | 42.00 | 47.00 | OK | |
| r-release-macos-x86_64 | 1.0 | 8.00 | 71.00 | 79.00 | OK | |
| r-release-windows-x86_64 | 1.0 | 13.00 | 96.00 | 109.00 | OK | |
| r-oldrel-macos-arm64 | 1.0 | 4.00 | 37.00 | 41.00 | NOTE | |
| r-oldrel-macos-x86_64 | 1.0 | 7.00 | 55.00 | 62.00 | NOTE | |
| r-oldrel-windows-x86_64 | 1.0 | 18.00 | 122.00 | 140.00 | NOTE |
Version: 1.0
Check: CRAN incoming feasibility
Result: NOTE
Maintainer: ‘Nicolas Sauwen <nicolas.sauwen@openanalytics.eu>’
No Authors@R field in DESCRIPTION.
Please add one, modifying
Authors@R: person(given = "Nicolas",
family = "Sauwen",
role = c("aut", "cre"),
email = "nicolas.sauwen@openanalytics.eu")
as necessary.
Flavors: r-devel-linux-x86_64-debian-clang, r-devel-linux-x86_64-debian-gcc
Version: 1.0
Check: LazyData
Result: NOTE
'LazyData' is specified without a 'data' directory
Flavors: r-oldrel-macos-arm64, r-oldrel-macos-x86_64, r-oldrel-windows-x86_64