CRAN Package Check Results for Package hBayesDM

Last updated on 2022-10-03 21:53:39 CEST.

Flavor Version Tinstall Tcheck Ttotal Status Flags
r-devel-linux-x86_64-debian-clang 1.2.1 43.83 213.41 257.24 NOTE
r-devel-linux-x86_64-debian-gcc 1.2.1 36.93 155.06 191.99 NOTE
r-devel-linux-x86_64-fedora-clang 1.2.1 327.96 NOTE
r-devel-linux-x86_64-fedora-gcc 1.2.1 327.68 NOTE
r-devel-windows-x86_64 1.2.1 167.00 247.00 414.00 NOTE
r-patched-linux-x86_64 1.2.1 46.12 193.01 239.13 NOTE
r-release-linux-x86_64 1.2.1 30.25 194.05 224.30 NOTE
r-release-macos-arm64 1.2.1 77.00 NOTE
r-release-macos-x86_64 1.2.1 109.00 NOTE
r-release-windows-x86_64 1.2.1 95.00 212.00 307.00 NOTE
r-oldrel-macos-arm64 1.2.1 73.00 NOTE
r-oldrel-macos-x86_64 1.2.1 110.00 NOTE
r-oldrel-windows-ix86+x86_64 1.2.1 94.00 18.00 112.00 ERROR

Check Details

Version: 1.2.1
Check: for GNU extensions in Makefiles
Result: NOTE
    GNU make is a SystemRequirements.
Flavors: r-devel-linux-x86_64-debian-clang, r-devel-linux-x86_64-debian-gcc, r-devel-linux-x86_64-fedora-clang, r-devel-linux-x86_64-fedora-gcc, r-devel-windows-x86_64, r-patched-linux-x86_64, r-release-linux-x86_64, r-release-macos-arm64, r-release-macos-x86_64, r-release-windows-x86_64, r-oldrel-macos-arm64, r-oldrel-macos-x86_64

Version: 1.2.1
Check: installed package size
Result: NOTE
     installed size is 5.5Mb
     sub-directories of 1Mb or more:
     R 3.1Mb
     extdata 1.3Mb
Flavors: r-release-macos-arm64, r-oldrel-macos-arm64

Version: 1.2.1
Check: whether package can be installed
Result: ERROR
    Installation failed.
Flavor: r-oldrel-windows-ix86+x86_64