Last updated on 2023-10-04 20:42:29 CEST.
Flavor | Version | Tinstall | Tcheck | Ttotal | Status | Flags |
---|---|---|---|---|---|---|
r-devel-linux-x86_64-debian-clang | 1.2.1 | 429.20 | 350.94 | 780.14 | NOTE | |
r-devel-linux-x86_64-debian-gcc | 1.2.1 | 360.69 | 249.29 | 609.98 | NOTE | |
r-devel-linux-x86_64-fedora-clang | 1.2.1 | 1075.92 | NOTE | |||
r-devel-linux-x86_64-fedora-gcc | 1.2.1 | 1061.14 | NOTE | |||
r-devel-windows-x86_64 | 1.2.1 | 421.00 | 252.00 | 673.00 | NOTE | |
r-patched-linux-x86_64 | 1.2.1 | 322.45 | 331.35 | 653.80 | NOTE | |
r-release-linux-x86_64 | 1.2.1 | 341.33 | 332.53 | 673.86 | NOTE | |
r-release-macos-arm64 | 1.2.1 | 88.00 | NOTE | |||
r-release-macos-x86_64 | 1.2.1 | 144.00 | NOTE | |||
r-release-windows-x86_64 | 1.2.1 | 527.00 | 319.00 | 846.00 | NOTE | |
r-oldrel-macos-arm64 | 1.2.1 | 77.00 | NOTE | |||
r-oldrel-macos-x86_64 | 1.2.1 | 109.00 | NOTE | |||
r-oldrel-windows-x86_64 | 1.2.1 | 549.00 | 280.00 | 829.00 | NOTE |
Version: 1.2.1
Check: C++ specification
Result: NOTE
Specified C++14: please drop specification unless essential
Flavors: r-devel-linux-x86_64-debian-clang, r-devel-linux-x86_64-debian-gcc, r-devel-linux-x86_64-fedora-clang, r-devel-linux-x86_64-fedora-gcc, r-devel-windows-x86_64, r-patched-linux-x86_64, r-release-linux-x86_64, r-release-macos-arm64, r-release-macos-x86_64, r-release-windows-x86_64
Version: 1.2.1
Check: for GNU extensions in Makefiles
Result: NOTE
GNU make is a SystemRequirements.
Flavors: r-devel-linux-x86_64-debian-clang, r-devel-linux-x86_64-debian-gcc, r-devel-linux-x86_64-fedora-clang, r-devel-linux-x86_64-fedora-gcc, r-devel-windows-x86_64, r-patched-linux-x86_64, r-release-linux-x86_64, r-release-macos-arm64, r-release-macos-x86_64, r-release-windows-x86_64, r-oldrel-macos-arm64, r-oldrel-macos-x86_64, r-oldrel-windows-x86_64
Version: 1.2.1
Check: installed package size
Result: NOTE
installed size is 5.2Mb
sub-directories of 1Mb or more:
R 2.7Mb
extdata 1.3Mb
Flavors: r-devel-linux-x86_64-fedora-clang, r-devel-windows-x86_64, r-release-macos-arm64, r-release-macos-x86_64, r-release-windows-x86_64, r-oldrel-macos-arm64, r-oldrel-windows-x86_64