CRAN Package Check Results for Package h2o

Last updated on 2022-12-03 23:01:29 CET.

Flavor Version Tinstall Tcheck Ttotal Status Flags
r-devel-linux-x86_64-debian-clang 3.38.0.1 34.30 198.62 232.92 OK
r-devel-linux-x86_64-debian-gcc 3.38.0.1 24.86 146.16 171.02 OK
r-devel-linux-x86_64-fedora-clang 3.38.0.1 295.82 NOTE
r-devel-linux-x86_64-fedora-gcc 3.38.0.1 305.61 OK
r-devel-windows-x86_64 3.38.0.1 671.00 352.00 1023.00 NOTE
r-patched-linux-x86_64 3.38.0.1 36.39 173.54 209.93 OK
r-release-linux-x86_64 3.38.0.1 35.27 177.69 212.96 OK
r-release-macos-arm64 3.38.0.1 201.00 NOTE
r-release-macos-x86_64 3.38.0.1 150.00 NOTE
r-release-windows-x86_64 3.38.0.1 417.00 230.00 647.00 NOTE
r-oldrel-macos-arm64 3.38.0.1 201.00 NOTE
r-oldrel-macos-x86_64 3.38.0.1 161.00 NOTE
r-oldrel-windows-ix86+x86_64 3.38.0.1 85.00 215.00 300.00 NOTE

Check Details

Version: 3.38.0.1
Check: installed package size
Result: NOTE
     installed size is 182.3Mb
     sub-directories of 1Mb or more:
     R 1.5Mb
     java 179.3Mb
Flavors: r-devel-linux-x86_64-fedora-clang, r-devel-windows-x86_64, r-release-macos-arm64, r-release-macos-x86_64, r-release-windows-x86_64, r-oldrel-macos-arm64, r-oldrel-macos-x86_64, r-oldrel-windows-ix86+x86_64