Last updated on 2024-07-17 20:57:01 CEST.
Flavor | Version | Tinstall | Tcheck | Ttotal | Status | Flags |
---|---|---|---|---|---|---|
r-devel-linux-x86_64-debian-clang | 3.44.0.3 | 34.51 | 213.20 | 247.71 | OK | |
r-devel-linux-x86_64-debian-gcc | 3.44.0.3 | 26.24 | 146.32 | 172.56 | OK | |
r-devel-linux-x86_64-fedora-clang | 3.44.0.3 | 306.21 | NOTE | |||
r-devel-linux-x86_64-fedora-gcc | 3.44.0.3 | 304.11 | OK | |||
r-devel-windows-x86_64 | 3.44.0.3 | 55.00 | 236.00 | 291.00 | NOTE | |
r-patched-linux-x86_64 | 3.44.0.3 | 46.43 | 200.09 | 246.52 | OK | |
r-release-linux-x86_64 | 3.44.0.3 | 37.01 | 195.17 | 232.18 | OK | |
r-release-macos-arm64 | 3.44.0.3 | 99.00 | NOTE | |||
r-release-macos-x86_64 | 3.44.0.3 | 137.00 | NOTE | |||
r-release-windows-x86_64 | 3.44.0.3 | 57.00 | 238.00 | 295.00 | NOTE | |
r-oldrel-macos-arm64 | 3.44.0.3 | 120.00 | NOTE | |||
r-oldrel-macos-x86_64 | 3.44.0.3 | 244.00 | NOTE | |||
r-oldrel-windows-x86_64 | 3.44.0.3 | 67.00 | 284.00 | 351.00 | NOTE |
Version: 3.44.0.3
Check: installed package size
Result: NOTE
installed size is 267.8Mb
sub-directories of 1Mb or more:
R 1.5Mb
help 1.0Mb
java 264.7Mb
Flavors: r-devel-linux-x86_64-fedora-clang, r-devel-windows-x86_64, r-release-macos-arm64, r-release-macos-x86_64, r-release-windows-x86_64, r-oldrel-macos-arm64, r-oldrel-macos-x86_64, r-oldrel-windows-x86_64