Last updated on 2025-05-09 20:49:52 CEST.
Flavor | Version | Tinstall | Tcheck | Ttotal | Status | Flags |
---|---|---|---|---|---|---|
r-devel-linux-x86_64-debian-clang | 1.0.1 | 1.77 | 18.72 | 20.49 | NOTE | |
r-devel-linux-x86_64-debian-gcc | 1.0.1 | 1.41 | 15.75 | 17.16 | NOTE | |
r-devel-linux-x86_64-fedora-clang | 1.0.1 | 32.00 | OK | |||
r-devel-linux-x86_64-fedora-gcc | 1.0.1 | 31.34 | OK | |||
r-devel-windows-x86_64 | 1.0.1 | 3.00 | 43.00 | 46.00 | OK | |
r-patched-linux-x86_64 | 1.0.1 | 2.05 | 18.22 | 20.27 | OK | |
r-release-linux-x86_64 | 1.0.1 | 1.80 | 18.31 | 20.11 | OK | |
r-release-macos-arm64 | 1.0.1 | 15.00 | OK | |||
r-release-macos-x86_64 | 1.0.1 | 25.00 | OK | |||
r-release-windows-x86_64 | 1.0.1 | 4.00 | 45.00 | 49.00 | OK | |
r-oldrel-macos-arm64 | 1.0.1 | 15.00 | OK | |||
r-oldrel-macos-x86_64 | 1.0.1 | 21.00 | OK | |||
r-oldrel-windows-x86_64 | 1.0.1 | 3.00 | 42.00 | 45.00 | OK |
Version: 1.0.1
Check: CRAN incoming feasibility
Result: NOTE
Maintainer: ‘Hyungsuk Tak <hyungsuk.tak@gmail.com>’
No Authors@R field in DESCRIPTION.
Please add one, modifying
Authors@R: person(given = "Hyungsuk",
family = "Tak",
role = c("aut", "cre"),
email = "hyungsuk.tak@gmail.com")
as necessary.
Flavors: r-devel-linux-x86_64-debian-clang, r-devel-linux-x86_64-debian-gcc