Last updated on 2025-02-16 20:50:35 CET.
Flavor | Version | Tinstall | Tcheck | Ttotal | Status | Flags |
---|---|---|---|---|---|---|
r-devel-linux-x86_64-debian-clang | 0.2.4 | 7.19 | 55.76 | 62.95 | OK | |
r-devel-linux-x86_64-debian-gcc | 0.2.4 | 4.66 | 41.10 | 45.76 | OK | |
r-devel-linux-x86_64-fedora-clang | 0.2.4 | 106.77 | OK | |||
r-devel-linux-x86_64-fedora-gcc | 0.2.4 | 109.37 | OK | |||
r-devel-macos-arm64 | 0.2.4 | 41.00 | OK | |||
r-devel-macos-x86_64 | 0.2.4 | 70.00 | OK | |||
r-devel-windows-x86_64 | 0.2.4 | 11.00 | 71.00 | 82.00 | OK | |
r-patched-linux-x86_64 | 0.2.4 | 7.41 | 52.70 | 60.11 | OK | |
r-release-linux-x86_64 | 0.2.4 | 6.84 | 53.68 | 60.52 | OK | |
r-release-macos-arm64 | 0.2.4 | 41.00 | NOTE | |||
r-release-macos-x86_64 | 0.2.4 | 74.00 | NOTE | |||
r-release-windows-x86_64 | 0.2.4 | 10.00 | 81.00 | 91.00 | NOTE | |
r-oldrel-macos-arm64 | 0.2.4 | 44.00 | NOTE | |||
r-oldrel-macos-x86_64 | 0.2.4 | 87.00 | NOTE | |||
r-oldrel-windows-x86_64 | 0.2.4 | 13.00 | 115.00 | 128.00 | NOTE |
Version: 0.2.4
Check: installed package size
Result: NOTE
installed size is 5.3Mb
sub-directories of 1Mb or more:
data 4.9Mb
Flavors: r-release-macos-arm64, r-release-macos-x86_64, r-release-windows-x86_64, r-oldrel-macos-arm64, r-oldrel-macos-x86_64, r-oldrel-windows-x86_64