CRAN Package Check Results for Package guaguas

Last updated on 2022-10-05 21:53:35 CEST.

Flavor Version Tinstall Tcheck Ttotal Status Flags
r-devel-linux-x86_64-debian-clang 0.3.0 22.06 38.10 60.16 OK
r-devel-linux-x86_64-debian-gcc 0.3.0 17.87 29.99 47.86 OK
r-devel-linux-x86_64-fedora-clang 0.3.0 91.48 NOTE
r-devel-linux-x86_64-fedora-gcc 0.3.0 102.49 NOTE
r-devel-windows-x86_64 0.3.0 28.00 62.00 90.00 OK
r-patched-linux-x86_64 0.3.0 23.19 36.27 59.46 OK
r-release-linux-x86_64 0.3.0 23.51 36.03 59.54 OK
r-release-macos-arm64 0.3.0 35.00 NOTE
r-release-macos-x86_64 0.3.0 44.00 NOTE
r-release-windows-x86_64 0.3.0 31.00 63.00 94.00 OK
r-oldrel-macos-arm64 0.3.0 36.00 NOTE
r-oldrel-macos-x86_64 0.3.0 41.00 NOTE
r-oldrel-windows-ix86+x86_64 0.3.0 36.00 60.00 96.00 OK

Check Details

Version: 0.3.0
Check: data for non-ASCII characters
Result: NOTE
     Note: found 42384 marked UTF-8 strings
Flavors: r-devel-linux-x86_64-fedora-clang, r-devel-linux-x86_64-fedora-gcc, r-release-macos-arm64, r-release-macos-x86_64, r-oldrel-macos-arm64, r-oldrel-macos-x86_64