Last updated on 2024-04-22 20:53:38 CEST.
Flavor | Version | Tinstall | Tcheck | Ttotal | Status | Flags |
---|---|---|---|---|---|---|
r-devel-linux-x86_64-debian-clang | 1.2-3 | 8.74 | 64.22 | 72.96 | NOTE | |
r-devel-linux-x86_64-debian-gcc | 1.2-3 | 5.85 | 49.50 | 55.35 | NOTE | |
r-devel-linux-x86_64-fedora-clang | 1.2-3 | 89.04 | NOTE | |||
r-devel-linux-x86_64-fedora-gcc | 1.2-3 | 86.55 | NOTE | |||
r-prerel-macos-arm64 | 1.2-3 | 31.00 | NOTE | |||
r-prerel-windows-x86_64 | 1.2-3 | 10.00 | 66.00 | 76.00 | NOTE | |
r-patched-linux-x86_64 | 1.2-3 | 7.80 | 61.74 | 69.54 | NOTE | |
r-release-linux-x86_64 | 1.2-3 | 6.99 | 64.91 | 71.90 | OK | |
r-release-macos-arm64 | 1.2-3 | 33.00 | OK | |||
r-release-macos-x86_64 | 1.2-3 | 54.00 | OK | |||
r-release-windows-x86_64 | 1.2-3 | 12.00 | 76.00 | 88.00 | OK | |
r-oldrel-macos-arm64 | 1.2-3 | 35.00 | OK | |||
r-oldrel-windows-x86_64 | 1.2-3 | 11.00 | 85.00 | 96.00 | OK |
Version: 1.2-3
Check: Rd files
Result: NOTE
checkRd: (-1) gte.Rd:98: Lost braces; missing escapes or markup?
98 | \code{left} and {right} for illustrative purpose), one would need a third variable (\code{status}) taking the value 0
| ^
Flavors: r-devel-linux-x86_64-debian-clang, r-devel-linux-x86_64-debian-gcc, r-devel-linux-x86_64-fedora-clang, r-devel-linux-x86_64-fedora-gcc, r-prerel-macos-arm64, r-prerel-windows-x86_64, r-patched-linux-x86_64