CRAN Package Check Results for Package gte

Last updated on 2025-05-03 21:51:20 CEST.

Flavor Version Tinstall Tcheck Ttotal Status Flags
r-devel-linux-x86_64-debian-clang 1.2-3 6.64 52.06 58.70 NOTE
r-devel-linux-x86_64-debian-gcc 1.2-3 5.93 40.40 46.33 NOTE
r-devel-linux-x86_64-fedora-clang 1.2-3 99.12 NOTE
r-devel-linux-x86_64-fedora-gcc 1.2-3 86.34 NOTE
r-devel-windows-x86_64 1.2-3 9.00 76.00 85.00 NOTE
r-patched-linux-x86_64 1.2-3 6.38 50.73 57.11 NOTE
r-release-linux-x86_64 NOTE
r-release-macos-arm64 1.2-3 38.00 NOTE
r-release-macos-x86_64 1.2-3 56.00 NOTE
r-release-windows-x86_64 1.2-3 9.00 66.00 75.00 NOTE
r-oldrel-macos-arm64 1.2-3 31.00 NOTE
r-oldrel-macos-x86_64 1.2-3 44.00 NOTE
r-oldrel-windows-x86_64 1.2-3 12.00 78.00 90.00 NOTE

Check Details

Version: 1.2-3
Check: CRAN incoming feasibility
Result: NOTE Maintainer: ‘Thierry Duchesne <thierry.duchesne@mat.ulaval.ca>’ No Authors@R field in DESCRIPTION. Please add one, modifying Authors@R: c(person(given = c("Mohammad", "Hossein"), family = "Dehghan", role = "aut"), person(given = "Thierry", family = "Duchesne", role = c("aut", "cre"), email = "thierry.duchesne@mat.ulaval.ca"), person(given = "Sophie", family = "Baillargeon", role = "aut")) as necessary. Flavors: r-devel-linux-x86_64-debian-clang, r-devel-linux-x86_64-debian-gcc

Version: 1.2-3
Check: Rd files
Result: NOTE checkRd: (-1) gte.Rd:98: Lost braces; missing escapes or markup? 98 | \code{left} and {right} for illustrative purpose), one would need a third variable (\code{status}) taking the value 0 | ^ Flavors: r-devel-linux-x86_64-debian-clang, r-devel-linux-x86_64-debian-gcc, r-devel-linux-x86_64-fedora-clang, r-devel-linux-x86_64-fedora-gcc, r-devel-windows-x86_64, r-patched-linux-x86_64, r-release-linux-x86_64, r-release-macos-arm64, r-release-macos-x86_64, r-release-windows-x86_64, r-oldrel-macos-arm64, r-oldrel-macos-x86_64, r-oldrel-windows-x86_64

Version: 1.2-3
Check: Rd cross-references
Result: NOTE Found the following Rd file(s) with Rd \link{} targets missing package anchors: gte.Rd: Surv Please provide package anchors for all Rd \link{} targets not in the package itself and the base packages. Flavors: r-devel-linux-x86_64-debian-clang, r-devel-linux-x86_64-debian-gcc, r-devel-windows-x86_64, r-patched-linux-x86_64, r-release-linux-x86_64, r-release-windows-x86_64