Last updated on 2024-03-27 19:56:53 CET.
Flavor | Version | Tinstall | Tcheck | Ttotal | Status | Flags |
---|---|---|---|---|---|---|
r-devel-linux-x86_64-debian-clang | 0.10.1 | 34.42 | 300.28 | 334.70 | OK | |
r-devel-linux-x86_64-debian-gcc | 0.10.1 | 29.31 | 220.03 | 249.34 | OK | |
r-devel-linux-x86_64-fedora-clang | 0.10.1 | 458.09 | NOTE | |||
r-devel-linux-x86_64-fedora-gcc | 0.10.1 | 384.52 | NOTE | |||
r-devel-windows-x86_64 | 0.10.1 | 30.00 | 248.00 | 278.00 | NOTE | |
r-patched-linux-x86_64 | 0.10.1 | 46.99 | 291.34 | 338.33 | OK | |
r-release-linux-x86_64 | 0.10.1 | 25.35 | 292.16 | 317.51 | OK | |
r-release-macos-arm64 | 0.10.1 | 93.00 | NOTE | |||
r-release-macos-x86_64 | 0.10.1 | 190.00 | NOTE | |||
r-release-windows-x86_64 | 0.10.1 | 40.00 | 309.00 | 349.00 | OK | |
r-oldrel-macos-arm64 | 0.10.1 | 82.00 | OK | |||
r-oldrel-windows-x86_64 | 0.10.1 | 43.00 | 210.00 | 253.00 | OK |
Version: 0.10.1
Check: installed package size
Result: NOTE
installed size is 5.1Mb
sub-directories of 1Mb or more:
R 1.4Mb
help 1.9Mb
Flavors: r-devel-linux-x86_64-fedora-clang, r-devel-windows-x86_64, r-release-macos-arm64, r-release-macos-x86_64
Version: 0.10.1
Check: data for non-ASCII characters
Result: NOTE
Note: found 146 marked UTF-8 strings
Flavors: r-devel-linux-x86_64-fedora-clang, r-devel-linux-x86_64-fedora-gcc