Last updated on 2024-04-17 20:57:36 CEST.
Flavor | Version | Tinstall | Tcheck | Ttotal | Status | Flags |
---|---|---|---|---|---|---|
r-devel-linux-x86_64-debian-clang | 2.1-1 | 28.46 | 250.56 | 279.02 | NOTE | |
r-devel-linux-x86_64-debian-gcc | 2.1-1 | 20.95 | 184.96 | 205.91 | NOTE | |
r-devel-linux-x86_64-fedora-clang | 2.1-1 | 332.40 | NOTE | |||
r-devel-linux-x86_64-fedora-gcc | 2.1-1 | 338.72 | NOTE | |||
r-prerel-macos-arm64 | 2.1-1 | 106.00 | NOTE | |||
r-prerel-windows-x86_64 | 2.1-1 | 33.00 | 256.00 | 289.00 | NOTE | |
r-patched-linux-x86_64 | 2.1-1 | 27.52 | 235.06 | 262.58 | NOTE | |
r-release-linux-x86_64 | 2.1-1 | 24.06 | 233.88 | 257.94 | OK | |
r-release-macos-arm64 | 2.1-1 | 112.00 | OK | |||
r-release-macos-x86_64 | 2.1-1 | 203.00 | OK | |||
r-release-windows-x86_64 | 2.1-1 | 40.00 | 299.00 | 339.00 | OK | |
r-oldrel-macos-arm64 | 2.1-1 | 105.00 | OK | |||
r-oldrel-windows-x86_64 | 2.1-1 | 38.00 | 289.00 | 327.00 | OK |
Version: 2.1-1
Check: Rd files
Result: NOTE
checkRd: (-1) jura.Rd:29: Lost braces; missing escapes or markup?
29 | \item{Cd}{ mg cadmium kg^{-1} topsoil }
| ^
checkRd: (-1) jura.Rd:30: Lost braces; missing escapes or markup?
30 | \item{Co}{ mg cobalt kg^{-1} topsoil }
| ^
checkRd: (-1) jura.Rd:31: Lost braces; missing escapes or markup?
31 | \item{Cr}{ mg chromium kg^{-1} topsoil }
| ^
checkRd: (-1) jura.Rd:32: Lost braces; missing escapes or markup?
32 | \item{Cu}{ mg copper kg^{-1} topsoil }
| ^
checkRd: (-1) jura.Rd:33: Lost braces; missing escapes or markup?
33 | \item{Ni}{ mg nickel kg^{-1} topsoil }
| ^
checkRd: (-1) jura.Rd:34: Lost braces; missing escapes or markup?
34 | \item{Pb}{ mg lead kg^{-1} topsoil }
| ^
checkRd: (-1) jura.Rd:35: Lost braces; missing escapes or markup?
35 | \item{Zn}{ mg zinc kg^{-1} topsoil }
| ^
checkRd: (-1) variogramST.Rd:49: Lost braces; missing escapes or markup?
49 | time lag $t$, the pseudo cross variogram $(Z_i(s)-Z_{i+t}(s+h))^2$ is averaged over all time
| ^
checkRd: (-1) variogramST.Rd:50: Lost braces; missing escapes or markup?
50 | lagged observation sets $Z_i$ and $Z_{i+t}$ available (weighted by the number of pairs involved).
| ^
Flavors: r-devel-linux-x86_64-debian-clang, r-devel-linux-x86_64-debian-gcc, r-devel-linux-x86_64-fedora-clang, r-devel-linux-x86_64-fedora-gcc, r-prerel-macos-arm64, r-prerel-windows-x86_64, r-patched-linux-x86_64