Last updated on 2024-04-25 20:48:24 CEST.
Flavor | Version | Tinstall | Tcheck | Ttotal | Status | Flags |
---|---|---|---|---|---|---|
r-devel-linux-x86_64-debian-clang | 1.2.0 | 19.43 | 91.81 | 111.24 | OK | |
r-devel-linux-x86_64-debian-gcc | 1.2.0 | 13.15 | 67.14 | 80.29 | OK | |
r-devel-linux-x86_64-fedora-clang | 1.3.0 | 26.99 | ERROR | |||
r-devel-linux-x86_64-fedora-gcc | 1.3.0 | 13.09 | ERROR | |||
r-devel-windows-x86_64 | 1.2.0 | 19.00 | 99.00 | 118.00 | OK | |
r-patched-linux-x86_64 | 1.2.0 | 12.61 | 87.93 | 100.54 | OK | |
r-release-linux-x86_64 | 1.2.0 | 16.31 | 90.88 | 107.19 | OK | |
r-release-macos-arm64 | 1.3.0 | 46.00 | OK | |||
r-release-macos-x86_64 | 1.3.0 | 123.00 | OK | |||
r-release-windows-x86_64 | 1.2.0 | 18.00 | 93.00 | 111.00 | OK | |
r-oldrel-macos-arm64 | 1.3.0 | 52.00 | OK | |||
r-oldrel-macos-x86_64 | 1.3.0 | 109.00 | OK | |||
r-oldrel-windows-x86_64 | 1.2.0 | 22.00 | 114.00 | 136.00 | OK |
Version: 1.3.0
Check: whether package can be installed
Result: ERROR
Installation failed.
Flavors: r-devel-linux-x86_64-fedora-clang, r-devel-linux-x86_64-fedora-gcc