Last updated on 2025-05-03 21:51:20 CEST.
Flavor | Version | Tinstall | Tcheck | Ttotal | Status | Flags |
---|---|---|---|---|---|---|
r-devel-linux-x86_64-debian-clang | 0.2.1 | 3.86 | 37.93 | 41.79 | NOTE | |
r-devel-linux-x86_64-debian-gcc | 0.2.1 | 2.48 | 28.46 | 30.94 | NOTE | |
r-devel-linux-x86_64-fedora-clang | 0.2.1 | 64.58 | NOTE | |||
r-devel-linux-x86_64-fedora-gcc | 0.2.1 | 61.68 | NOTE | |||
r-devel-windows-x86_64 | 0.2.1 | 6.00 | 74.00 | 80.00 | NOTE | |
r-patched-linux-x86_64 | 0.2.1 | 4.80 | 38.91 | 43.71 | NOTE | |
r-release-linux-x86_64 | NOTE | |||||
r-release-macos-arm64 | 0.2.1 | 22.00 | NOTE | |||
r-release-macos-x86_64 | 0.2.1 | 41.00 | NOTE | |||
r-release-windows-x86_64 | 0.2.1 | 6.00 | 65.00 | 71.00 | NOTE | |
r-oldrel-macos-arm64 | 0.2.1 | 21.00 | NOTE | |||
r-oldrel-macos-x86_64 | 0.2.1 | 33.00 | NOTE | |||
r-oldrel-windows-x86_64 | 0.2.1 | 5.00 | 75.00 | 80.00 | NOTE |
Version: 0.2.1
Check: CRAN incoming feasibility
Result: NOTE
Maintainer: ‘Andy Wills <andy@willslab.co.uk>’
No Authors@R field in DESCRIPTION.
Please add one, modifying
Authors@R: c(person(given = "Kazunaga",
family = "Matsuki",
role = "aut"),
person(given = "Andy",
family = "Wills",
role = "cre",
email = "andy@willslab.co.uk"))
as necessary.
Flavors: r-devel-linux-x86_64-debian-clang, r-devel-linux-x86_64-debian-gcc
Version: 0.2.1
Check: Rd files
Result: NOTE
checkRd: (-1) qdb.p.correct.Rd:14: Lost braces; missing escapes or markup?
14 | \item{refpts}{a numeric vector used as a reference point to determine the correct side of the \code{qdb} for classifying \code{x}. The \code{length(refpts)} should be equal to {ncol(x)}. Default to \code{colMeans(x)}. }
| ^
Flavors: r-devel-linux-x86_64-debian-clang, r-devel-linux-x86_64-debian-gcc, r-devel-linux-x86_64-fedora-clang, r-devel-linux-x86_64-fedora-gcc, r-devel-windows-x86_64, r-patched-linux-x86_64, r-release-linux-x86_64, r-release-macos-arm64, r-release-macos-x86_64, r-release-windows-x86_64, r-oldrel-macos-arm64, r-oldrel-macos-x86_64, r-oldrel-windows-x86_64