Last updated on 2024-07-17 20:57:01 CEST.
Flavor | Version | Tinstall | Tcheck | Ttotal | Status | Flags |
---|---|---|---|---|---|---|
r-devel-linux-x86_64-debian-clang | 2.1.24 | 25.99 | 276.54 | 302.53 | OK | |
r-devel-linux-x86_64-debian-gcc | 2.1.24 | 21.96 | 201.06 | 223.02 | OK | |
r-devel-linux-x86_64-fedora-clang | 2.1.24 | 379.19 | OK | |||
r-devel-linux-x86_64-fedora-gcc | 2.1.24 | 364.73 | OK | |||
r-devel-windows-x86_64 | 2.1.24 | 25.00 | 220.00 | 245.00 | NOTE | |
r-patched-linux-x86_64 | 2.1.24 | 48.89 | 265.95 | 314.84 | OK | |
r-release-linux-x86_64 | 2.1.24 | 24.18 | 269.09 | 293.27 | OK | |
r-release-macos-arm64 | 2.1.24 | 97.00 | OK | |||
r-release-macos-x86_64 | 2.1.24 | 150.00 | OK | |||
r-release-windows-x86_64 | 2.1.24 | 25.00 | 228.00 | 253.00 | OK | |
r-oldrel-macos-arm64 | 2.1.24 | 101.00 | OK | |||
r-oldrel-macos-x86_64 | 2.1.24 | 140.00 | OK | |||
r-oldrel-windows-x86_64 | 2.1.24 | 33.00 | 276.00 | 309.00 | OK |
Version: 2.1.24
Check: Rd cross-references
Result: NOTE
Found the following Rd file(s) with Rd \link{} targets missing package
anchors:
args4chosen_plot.Rd: ggplot
args4devnboxes_plot.Rd: ggplot
args4meddevn_plot.Rd: ggplot
args4profile_plot.Rd: ggplot
plotAnom.Rd: ggplot
plotCorrmatrix.Rd: ggplot, rcorr, GGally
plotDeviationsBoxes.Rd: ggplot
plotImagetimes.Rd: ggplot
plotLongitudinal.Rd: ggplot, labeller
plotMedianDeviations.Rd: ggplot
plotProfiles.Rd: ggplot, labeller
plotSmoothsComparison.Rd: ggplot
plotSmoothsDevnBoxplots.Rd: ggplot
plotSmoothsMedianDevns.Rd: ggplot
probeSmoothing.Rd: ggplot
probeSmooths.Rd: psNormal, ggplot
traitSmooth.Rd: ggplot
Please provide package anchors for all Rd \link{} targets not in the
package itself and the base packages.
Flavor: r-devel-windows-x86_64