Last updated on 2024-07-17 20:57:01 CEST.
Flavor | Version | Tinstall | Tcheck | Ttotal | Status | Flags |
---|---|---|---|---|---|---|
r-devel-linux-x86_64-debian-clang | 1.0.9 | 14.97 | 93.61 | 108.58 | OK | |
r-devel-linux-x86_64-debian-gcc | 1.0.9 | 9.48 | 68.43 | 77.91 | OK | |
r-devel-linux-x86_64-fedora-clang | 1.0.9 | 137.28 | OK | |||
r-devel-linux-x86_64-fedora-gcc | 1.0.9 | 126.43 | OK | |||
r-devel-windows-x86_64 | 1.0.9 | 14.00 | 87.00 | 101.00 | NOTE | |
r-patched-linux-x86_64 | 1.0.9 | 14.81 | 89.49 | 104.30 | OK | |
r-release-linux-x86_64 | 1.0.9 | 12.10 | 89.41 | 101.51 | OK | |
r-release-macos-arm64 | 1.0.9 | 42.00 | OK | |||
r-release-macos-x86_64 | 1.0.9 | 59.00 | OK | |||
r-release-windows-x86_64 | 1.0.9 | 14.00 | 88.00 | 102.00 | OK | |
r-oldrel-macos-arm64 | 1.0.9 | 46.00 | OK | |||
r-oldrel-macos-x86_64 | 1.0.9 | 94.00 | OK | |||
r-oldrel-windows-x86_64 | 1.0.9 | 18.00 | 117.00 | 135.00 | OK |
Version: 1.0.9
Check: Rd cross-references
Result: NOTE
Found the following Rd file(s) with Rd \link{} targets missing package
anchors:
covrob.Rd: scaleTau2
delete.intercept.Rd: mvr, model.matrix.mvr
Please provide package anchors for all Rd \link{} targets not in the
package itself and the base packages.
Flavor: r-devel-windows-x86_64